Last updated on 2025-02-21 17:50:38 CET.
Flavor | Version | Tinstall | Tcheck | Ttotal | Status | Flags |
---|---|---|---|---|---|---|
r-devel-linux-x86_64-debian-clang | 0.0.3 | 51.39 | 59.47 | 110.86 | NOTE | |
r-devel-linux-x86_64-debian-gcc | 0.0.3 | 38.14 | 40.94 | 79.08 | NOTE | |
r-devel-linux-x86_64-fedora-clang | 0.0.3 | 201.28 | NOTE | |||
r-devel-linux-x86_64-fedora-gcc | 0.0.3 | 194.24 | NOTE | |||
r-devel-macos-arm64 | 0.0.3 | 47.00 | NOTE | |||
r-devel-macos-x86_64 | 0.0.3 | 82.00 | NOTE | |||
r-devel-windows-x86_64 | 0.0.3 | 58.00 | 96.00 | 154.00 | NOTE | |
r-patched-linux-x86_64 | 0.0.3 | 52.20 | 54.69 | 106.89 | NOTE | |
r-release-linux-x86_64 | 0.0.3 | 56.48 | 55.24 | 111.72 | NOTE | |
r-release-macos-arm64 | 0.0.3 | 50.00 | NOTE | |||
r-release-macos-x86_64 | 0.0.3 | 63.00 | NOTE | |||
r-release-windows-x86_64 | 0.0.3 | 59.00 | 96.00 | 155.00 | NOTE | |
r-oldrel-macos-arm64 | 0.0.3 | 57.00 | NOTE | |||
r-oldrel-macos-x86_64 | 0.0.3 | 84.00 | NOTE | |||
r-oldrel-windows-x86_64 | 0.0.3 | 69.00 | 116.00 | 185.00 | NOTE |
Version: 0.0.3
Check: C++ specification
Result: NOTE
Specified C++11: please drop specification unless essential
Flavors: r-devel-linux-x86_64-debian-clang, r-devel-linux-x86_64-debian-gcc, r-devel-linux-x86_64-fedora-clang, r-devel-linux-x86_64-fedora-gcc, r-devel-macos-arm64, r-devel-macos-x86_64, r-devel-windows-x86_64, r-patched-linux-x86_64, r-release-linux-x86_64, r-release-macos-arm64, r-release-macos-x86_64, r-release-windows-x86_64, r-oldrel-macos-arm64, r-oldrel-macos-x86_64, r-oldrel-windows-x86_64