Last updated on 2025-11-03 23:50:14 CET.
| Flavor | Version | Tinstall | Tcheck | Ttotal | Status | Flags | 
|---|---|---|---|---|---|---|
| r-devel-linux-x86_64-debian-clang | 1.0.5 | 488.49 | 131.38 | 619.87 | OK | |
| r-devel-linux-x86_64-debian-gcc | 1.0.5 | 391.77 | 85.93 | 477.70 | OK | |
| r-devel-linux-x86_64-fedora-clang | 1.0.5 | 780.00 | 396.70 | 1176.70 | NOTE | |
| r-devel-linux-x86_64-fedora-gcc | 1.0.5 | 720.00 | 529.37 | 1249.37 | NOTE | |
| r-devel-windows-x86_64 | 1.0.5 | 491.00 | 226.00 | 717.00 | OK | |
| r-patched-linux-x86_64 | 1.0.5 | 554.26 | 125.25 | 679.51 | OK | |
| r-release-linux-x86_64 | 1.0.5 | 548.59 | 124.67 | 673.26 | OK | |
| r-release-macos-arm64 | 1.0.5 | 208.00 | 42.00 | 250.00 | OK | |
| r-release-macos-x86_64 | 1.0.5 | 201.00 | 100.00 | 301.00 | OK | |
| r-release-windows-x86_64 | 1.0.5 | 509.00 | 224.00 | 733.00 | OK | |
| r-oldrel-macos-arm64 | 1.0.5 | 202.00 | 50.00 | 252.00 | NOTE | |
| r-oldrel-macos-x86_64 | 1.0.5 | 182.00 | 284.00 | 466.00 | NOTE | |
| r-oldrel-windows-x86_64 | 1.0.5 | 515.00 | 278.00 | 793.00 | NOTE | 
Version: 1.0.5
Check: dependencies in R code
Result: NOTE
  Namespace in Imports field not imported from: ‘base’
    All declared Imports should be used.
Flavors: r-devel-linux-x86_64-fedora-clang, r-devel-linux-x86_64-fedora-gcc
Version: 1.0.5
Check: installed package size
Result: NOTE
    installed size is 65.9Mb
    sub-directories of 1Mb or more:
      R      1.0Mb
      libs  64.5Mb
Flavors: r-oldrel-macos-arm64, r-oldrel-macos-x86_64, r-oldrel-windows-x86_64