Last updated on 2025-11-03 23:50:14 CET.
| Flavor | Version | Tinstall | Tcheck | Ttotal | Status | Flags | 
|---|---|---|---|---|---|---|
| r-devel-linux-x86_64-debian-clang | 0.2 | 48.99 | 163.48 | 212.47 | OK | |
| r-devel-linux-x86_64-debian-gcc | 0.2 | 33.82 | 112.81 | 146.63 | OK | |
| r-devel-linux-x86_64-fedora-clang | 0.2 | 118.00 | 223.73 | 341.73 | OK | |
| r-devel-linux-x86_64-fedora-gcc | 0.2 | 84.00 | 278.16 | 362.16 | OK | |
| r-devel-windows-x86_64 | 0.2 | 58.00 | 249.00 | 307.00 | OK | |
| r-patched-linux-x86_64 | 0.2 | 50.19 | 157.64 | 207.83 | OK | |
| r-release-linux-x86_64 | 0.2 | 48.12 | 159.84 | 207.96 | OK | |
| r-release-macos-arm64 | 0.2 | 19.00 | 74.00 | 93.00 | OK | |
| r-release-macos-x86_64 | 0.2 | 34.00 | 227.00 | 261.00 | OK | |
| r-release-windows-x86_64 | 0.2 | 49.00 | 245.00 | 294.00 | OK | |
| r-oldrel-macos-arm64 | 0.2 | 17.00 | 78.00 | 95.00 | NOTE | |
| r-oldrel-macos-x86_64 | 0.2 | 31.00 | 210.00 | 241.00 | NOTE | |
| r-oldrel-windows-x86_64 | 0.2 | 68.00 | 282.00 | 350.00 | OK | 
Version: 0.2
Check: installed package size
Result: NOTE
    installed size is  7.4Mb
    sub-directories of 1Mb or more:
      data   3.7Mb
      libs   3.3Mb
Flavors: r-oldrel-macos-arm64, r-oldrel-macos-x86_64