Last updated on 2025-11-28 17:48:35 CET.
| Flavor | Version | Tinstall | Tcheck | Ttotal | Status | Flags |
|---|---|---|---|---|---|---|
| r-devel-linux-x86_64-debian-clang | 3.1 | 76.09 | 36.54 | 112.63 | NOTE | |
| r-devel-linux-x86_64-debian-gcc | 3.1 | 55.00 | 28.10 | 83.10 | NOTE | |
| r-devel-linux-x86_64-fedora-clang | 3.2 | 73.00 | 148.29 | 221.29 | NOTE | |
| r-devel-linux-x86_64-fedora-gcc | 3.2 | 66.00 | 177.49 | 243.49 | NOTE | |
| r-devel-windows-x86_64 | 3.1 | 141.00 | 82.00 | 223.00 | NOTE | |
| r-patched-linux-x86_64 | 3.1 | 80.27 | 34.48 | 114.75 | NOTE | |
| r-release-linux-x86_64 | 3.1 | 77.82 | 34.39 | 112.21 | NOTE | |
| r-release-macos-arm64 | 3.1 | NOTE | ||||
| r-release-macos-x86_64 | 3.2 | 72.00 | 137.00 | 209.00 | OK | |
| r-release-windows-x86_64 | 3.1 | 105.00 | 93.00 | 198.00 | NOTE | |
| r-oldrel-macos-arm64 | 3.1 | NOTE | ||||
| r-oldrel-macos-x86_64 | 3.2 | 97.00 | 182.00 | 279.00 | NOTE | |
| r-oldrel-windows-x86_64 | 3.1 | 103.00 | 98.00 | 201.00 | NOTE |
Version: 3.1
Check: CRAN incoming feasibility
Result: NOTE
Maintainer: ‘Vincent Larmet <larmet.vincent@gmail.com>’
No Authors@R field in DESCRIPTION.
Please add one, modifying
Authors@R: person(given = "Vincent",
family = "Larmet",
role = c("aut", "cre"),
email = "larmet.vincent@gmail.com")
as necessary.
Flavors: r-devel-linux-x86_64-debian-clang, r-devel-linux-x86_64-debian-gcc
Version: 3.1
Check: C++ specification
Result: NOTE
Specified C++11: support will be removed soon
Flavors: r-devel-linux-x86_64-debian-clang, r-devel-linux-x86_64-debian-gcc
Version: 3.2
Check: dependencies in R code
Result: NOTE
Namespace in Imports field not imported from: ‘RcppProgress’
All declared Imports should be used.
Flavors: r-devel-linux-x86_64-fedora-clang, r-devel-linux-x86_64-fedora-gcc
Version: 3.1
Check: C++ specification
Result: NOTE
Specified C++11: please drop specification unless essential
Flavors: r-devel-windows-x86_64, r-patched-linux-x86_64, r-release-linux-x86_64, r-release-macos-arm64, r-release-windows-x86_64, r-oldrel-macos-arm64, r-oldrel-windows-x86_64
Version: 3.1
Check: installed package size
Result: NOTE
installed size is 7.1Mb
sub-directories of 1Mb or more:
libs 6.9Mb
Flavor: r-oldrel-macos-arm64
Version: 3.1
Check: for GNU extensions in Makefiles
Result: NOTE
GNU make is a SystemRequirements.
Flavors: r-oldrel-macos-arm64, r-oldrel-windows-x86_64
Version: 3.2
Check: installed package size
Result: NOTE
installed size is 7.5Mb
sub-directories of 1Mb or more:
libs 7.3Mb
Flavor: r-oldrel-macos-x86_64
Version: 3.2
Check: for GNU extensions in Makefiles
Result: NOTE
GNU make is a SystemRequirements.
Flavor: r-oldrel-macos-x86_64