Last updated on 2025-11-04 05:51:07 CET.
| Flavor | Version | Tinstall | Tcheck | Ttotal | Status | Flags | 
|---|---|---|---|---|---|---|
| r-devel-linux-x86_64-debian-clang | 1.13.4 | 9.86 | 57.01 | 66.87 | NOTE | |
| r-devel-linux-x86_64-debian-gcc | 1.13.4 | 7.12 | 42.84 | 49.96 | NOTE | |
| r-devel-linux-x86_64-fedora-clang | 1.13.4 | 20.00 | 71.88 | 91.88 | NOTE | |
| r-devel-linux-x86_64-fedora-gcc | 1.13.4 | 20.00 | 76.37 | 96.37 | NOTE | |
| r-devel-windows-x86_64 | 1.13.4 | 12.00 | 70.00 | 82.00 | NOTE | |
| r-patched-linux-x86_64 | 1.13.4 | 9.69 | 52.23 | 61.92 | NOTE | |
| r-release-linux-x86_64 | 1.13.4 | 8.12 | 52.16 | 60.28 | NOTE | |
| r-release-macos-arm64 | 1.13.4 | 7.00 | 30.00 | 37.00 | NOTE | |
| r-release-macos-x86_64 | 1.13.4 | 14.00 | 50.00 | 64.00 | NOTE | |
| r-release-windows-x86_64 | 1.13.4 | 13.00 | 69.00 | 82.00 | NOTE | |
| r-oldrel-macos-arm64 | 1.13.4 | 5.00 | 26.00 | 31.00 | OK | |
| r-oldrel-macos-x86_64 | 1.13.4 | 9.00 | 40.00 | 49.00 | OK | |
| r-oldrel-windows-x86_64 | 1.13.4 | 15.00 | 85.00 | 100.00 | OK | 
Version: 1.13.4
Check: DESCRIPTION meta-information
Result: NOTE
    Missing dependency on R >= 4.1.0 because package code uses the pipe
    |> or function shorthand \(...) syntax added in R 4.1.0.
    File(s) using such syntax:
      ‘coxphf-tidiers.R’
Flavors: r-devel-linux-x86_64-debian-clang, r-devel-linux-x86_64-debian-gcc, r-devel-linux-x86_64-fedora-clang, r-devel-linux-x86_64-fedora-gcc, r-devel-windows-x86_64, r-patched-linux-x86_64, r-release-linux-x86_64, r-release-macos-arm64, r-release-macos-x86_64, r-release-windows-x86_64