Last updated on 2025-05-28 00:48:58 CEST.
Flavor | Version | Tinstall | Tcheck | Ttotal | Status | Flags |
---|---|---|---|---|---|---|
r-devel-linux-x86_64-debian-clang | 0.1.0 | 2.39 | 57.39 | 59.78 | OK | |
r-devel-linux-x86_64-debian-gcc | 0.1.0 | 1.70 | 39.87 | 41.57 | OK | |
r-devel-linux-x86_64-fedora-clang | 0.1.0 | 92.24 | NOTE | |||
r-devel-linux-x86_64-fedora-gcc | 0.1.0 | 93.68 | NOTE | |||
r-devel-windows-x86_64 | 0.1.0 | 3.00 | 75.00 | 78.00 | OK | |
r-patched-linux-x86_64 | 0.1.0 | 1.95 | 53.18 | 55.13 | OK | |
r-release-linux-x86_64 | 0.1.0 | 2.36 | 52.97 | 55.33 | OK | |
r-release-macos-arm64 | 0.1.0 | 49.00 | OK | |||
r-release-macos-x86_64 | 0.1.0 | 70.00 | OK | |||
r-release-windows-x86_64 | 0.1.0 | 4.00 | 72.00 | 76.00 | OK | |
r-oldrel-macos-arm64 | 0.1.0 | 39.00 | OK | |||
r-oldrel-macos-x86_64 | 0.1.0 | 57.00 | OK | |||
r-oldrel-windows-x86_64 | 0.1.0 | 5.00 | 86.00 | 91.00 | OK |
Version: 0.1.0
Check: dependencies in R code
Result: NOTE
Namespaces in Imports field not imported from:
‘ggplot2’ ‘misc3d’
All declared Imports should be used.
Flavors: r-devel-linux-x86_64-fedora-clang, r-devel-linux-x86_64-fedora-gcc