Last updated on 2025-02-21 17:50:38 CET.
Flavor | Version | Tinstall | Tcheck | Ttotal | Status | Flags |
---|---|---|---|---|---|---|
r-devel-linux-x86_64-debian-clang | 1.0.1 | 24.74 | 183.01 | 207.75 | NOTE | |
r-devel-linux-x86_64-debian-gcc | 1.0.1 | 18.75 | 143.33 | 162.08 | NOTE | |
r-devel-linux-x86_64-fedora-clang | 1.0.1 | 263.32 | NOTE | |||
r-devel-linux-x86_64-fedora-gcc | 1.0.1 | 255.22 | NOTE | |||
r-devel-macos-arm64 | 1.0.1 | 54.00 | NOTE | |||
r-devel-macos-x86_64 | 1.0.1 | 110.00 | NOTE | |||
r-devel-windows-x86_64 | 1.0.1 | 31.00 | 120.00 | 151.00 | NOTE | |
r-patched-linux-x86_64 | 1.0.1 | 24.26 | 175.69 | 199.95 | NOTE | |
r-release-linux-x86_64 | 1.0.1 | 25.24 | 175.89 | 201.13 | NOTE | |
r-release-macos-arm64 | 1.0.1 | 55.00 | NOTE | |||
r-release-macos-x86_64 | 1.0.1 | 78.00 | NOTE | |||
r-release-windows-x86_64 | 1.0.1 | 30.00 | 112.00 | 142.00 | NOTE | |
r-oldrel-macos-arm64 | 1.0.1 | 65.00 | NOTE | |||
r-oldrel-macos-x86_64 | 1.0.1 | 94.00 | NOTE | |||
r-oldrel-windows-x86_64 | 1.0.1 | 35.00 | 135.00 | 170.00 | NOTE |
Version: 1.0.1
Check: C++ specification
Result: NOTE
Specified C++11: please drop specification unless essential
Flavors: r-devel-linux-x86_64-debian-clang, r-devel-linux-x86_64-debian-gcc, r-devel-linux-x86_64-fedora-clang, r-devel-linux-x86_64-fedora-gcc, r-devel-macos-arm64, r-devel-macos-x86_64, r-devel-windows-x86_64, r-patched-linux-x86_64, r-release-linux-x86_64, r-release-macos-arm64, r-release-macos-x86_64, r-release-windows-x86_64, r-oldrel-macos-arm64, r-oldrel-macos-x86_64, r-oldrel-windows-x86_64