Last updated on 2025-02-22 05:51:32 CET.
Flavor | Version | Tinstall | Tcheck | Ttotal | Status | Flags |
---|---|---|---|---|---|---|
r-devel-linux-x86_64-debian-clang | 1.4 | 6.59 | 73.11 | 79.70 | NOTE | |
r-devel-linux-x86_64-debian-gcc | 1.4 | 4.57 | 48.73 | 53.30 | NOTE | |
r-devel-linux-x86_64-fedora-clang | 1.4 | 127.36 | NOTE | |||
r-devel-linux-x86_64-fedora-gcc | 1.4 | 134.92 | NOTE | |||
r-devel-macos-arm64 | 1.4 | 43.00 | NOTE | |||
r-devel-macos-x86_64 | 1.4 | 79.00 | NOTE | |||
r-devel-windows-x86_64 | 1.4 | 8.00 | 93.00 | 101.00 | NOTE | |
r-patched-linux-x86_64 | 1.4 | 6.21 | 67.15 | 73.36 | NOTE | |
r-release-linux-x86_64 | 1.4 | 5.75 | 67.18 | 72.93 | NOTE | |
r-release-macos-arm64 | 1.4 | 43.00 | NOTE | |||
r-release-macos-x86_64 | 1.4 | 64.00 | NOTE | |||
r-release-windows-x86_64 | 1.4 | 9.00 | 86.00 | 95.00 | NOTE | |
r-oldrel-macos-arm64 | 1.4 | 40.00 | OK | |||
r-oldrel-macos-x86_64 | 1.4 | 64.00 | OK | |||
r-oldrel-windows-x86_64 | 1.4 | 10.00 | 100.00 | 110.00 | OK |
Version: 1.4
Check: Rd files
Result: NOTE
checkRd: (-1) summary_fitlist.Rd:15: Lost braces in \itemize; \value handles \item{}{} directly
checkRd: (-1) summary_fitlist.Rd:16: Lost braces in \itemize; \value handles \item{}{} directly
checkRd: (-1) summary_fitlist.Rd:17: Lost braces in \itemize; \value handles \item{}{} directly
checkRd: (-1) summary_fitlist.Rd:18: Lost braces in \itemize; \value handles \item{}{} directly
checkRd: (-1) summary_fitlist.Rd:19: Lost braces in \itemize; \value handles \item{}{} directly
Flavors: r-devel-linux-x86_64-debian-clang, r-devel-linux-x86_64-debian-gcc, r-devel-linux-x86_64-fedora-clang, r-devel-linux-x86_64-fedora-gcc, r-devel-macos-arm64, r-devel-macos-x86_64, r-devel-windows-x86_64, r-patched-linux-x86_64, r-release-linux-x86_64, r-release-macos-arm64, r-release-macos-x86_64, r-release-windows-x86_64