Last updated on 2025-11-04 11:52:27 CET.
| Flavor | Version | Tinstall | Tcheck | Ttotal | Status | Flags | 
|---|---|---|---|---|---|---|
| r-devel-linux-x86_64-debian-clang | 0.9.1 | 2.17 | 80.54 | 82.71 | OK | |
| r-devel-linux-x86_64-debian-gcc | 0.9.1 | 1.49 | 55.46 | 56.95 | OK | |
| r-devel-linux-x86_64-fedora-clang | 0.9.1 | 123.79 | NOTE | |||
| r-devel-linux-x86_64-fedora-gcc | 0.9.1 | 139.72 | NOTE | |||
| r-devel-windows-x86_64 | 0.9.1 | 5.00 | 92.00 | 97.00 | OK | |
| r-patched-linux-x86_64 | 0.9.1 | 2.25 | 78.65 | 80.90 | OK | |
| r-release-linux-x86_64 | 0.9.1 | 2.12 | 77.37 | 79.49 | OK | |
| r-release-macos-arm64 | 0.9.1 | 1.00 | 38.00 | 39.00 | OK | |
| r-release-macos-x86_64 | 0.9.1 | 2.00 | 106.00 | 108.00 | OK | |
| r-release-windows-x86_64 | 0.9.1 | 5.00 | 92.00 | 97.00 | OK | |
| r-oldrel-macos-arm64 | 0.9.1 | 1.00 | 48.00 | 49.00 | NOTE | |
| r-oldrel-macos-x86_64 | 0.9.1 | 2.00 | 92.00 | 94.00 | NOTE | |
| r-oldrel-windows-x86_64 | 0.9.1 | 5.00 | 128.00 | 133.00 | NOTE | 
Version: 0.9.1
Check: dependencies in R code
Result: NOTE
  Namespace in Imports field not imported from: ‘jpeg’
    All declared Imports should be used.
Flavors: r-devel-linux-x86_64-fedora-clang, r-devel-linux-x86_64-fedora-gcc
Version: 0.9.1
Check: LazyData
Result: NOTE
    'LazyData' is specified without a 'data' directory
Flavors: r-oldrel-macos-arm64, r-oldrel-macos-x86_64, r-oldrel-windows-x86_64