Last updated on 2025-11-04 05:51:07 CET.
| Flavor | Version | Tinstall | Tcheck | Ttotal | Status | Flags | 
|---|---|---|---|---|---|---|
| r-devel-linux-x86_64-debian-clang | 1.0.1 | 2.67 | 35.10 | 37.77 | NOTE | |
| r-devel-linux-x86_64-debian-gcc | 1.0.1 | 2.00 | 25.29 | 27.29 | NOTE | |
| r-devel-linux-x86_64-fedora-clang | 1.0.1 | 53.60 | OK | |||
| r-devel-linux-x86_64-fedora-gcc | 1.0.1 | 55.50 | OK | |||
| r-devel-windows-x86_64 | 1.0.1 | 4.00 | 52.00 | 56.00 | OK | |
| r-patched-linux-x86_64 | 1.0.1 | 2.81 | 33.78 | 36.59 | OK | |
| r-release-linux-x86_64 | 1.0.1 | 2.38 | 33.89 | 36.27 | OK | |
| r-release-macos-arm64 | 1.0.1 | 2.00 | 19.00 | 21.00 | OK | |
| r-release-macos-x86_64 | 1.0.1 | 2.00 | 39.00 | 41.00 | OK | |
| r-release-windows-x86_64 | 1.0.1 | 3.00 | 50.00 | 53.00 | OK | |
| r-oldrel-macos-arm64 | 1.0.1 | 1.00 | 24.00 | 25.00 | OK | |
| r-oldrel-macos-x86_64 | 1.0.1 | 3.00 | 41.00 | 44.00 | OK | |
| r-oldrel-windows-x86_64 | 1.0.1 | 5.00 | 59.00 | 64.00 | OK | 
Version: 1.0.1
Check: CRAN incoming feasibility
Result: NOTE
  Maintainer: ‘Prabina Kumar Meher <meherprabin@yahoo.com>’
  
  No Authors@R field in DESCRIPTION.
  Please add one, modifying
    Authors@R: c(person(given = c("Prabina", "Kumar", "Meher", "&", "A.", "R."),
                        family = "Rao",
                        role = "aut"),
                 person(given = c("Prabina", "Kumar"),
                        family = "Meher",
                        role = "cre",
                        email = "meherprabin@yahoo.com"))
  as necessary.
Flavors: r-devel-linux-x86_64-debian-clang, r-devel-linux-x86_64-debian-gcc