CRAN Package Check Results for Package copulareg

Last updated on 2025-07-16 07:49:02 CEST.

Flavor Version Tinstall Tcheck Ttotal Status Flags
r-devel-linux-x86_64-debian-clang 0.1.0 2.22 20.93 23.15 OK
r-devel-linux-x86_64-debian-gcc 0.1.0 1.69 16.87 18.56 OK
r-devel-linux-x86_64-fedora-clang 0.1.0 34.57 OK
r-devel-linux-x86_64-fedora-gcc 0.1.0 33.34 OK
r-devel-windows-x86_64 0.1.0 4.00 42.00 46.00 OK
r-patched-linux-x86_64 0.1.0 2.29 20.20 22.49 OK
r-release-linux-x86_64 0.1.0 2.20 20.32 22.52 OK
r-release-macos-arm64 0.1.0 21.00 OK
r-release-macos-x86_64 0.1.0 29.00 OK
r-release-windows-x86_64 0.1.0 3.00 54.00 57.00 OK
r-oldrel-macos-arm64 0.1.0 16.00 NOTE
r-oldrel-macos-x86_64 0.1.0 22.00 NOTE
r-oldrel-windows-x86_64 0.1.0 4.00 48.00 52.00 NOTE

Check Details

Version: 0.1.0
Check: LazyData
Result: NOTE 'LazyData' is specified without a 'data' directory Flavors: r-oldrel-macos-arm64, r-oldrel-macos-x86_64, r-oldrel-windows-x86_64

mirror server hosted at Truenetwork, Russian Federation.