Last updated on 2025-05-28 00:48:58 CEST.
Flavor | Version | Tinstall | Tcheck | Ttotal | Status | Flags |
---|---|---|---|---|---|---|
r-devel-linux-x86_64-debian-clang | 0.2.1 | 65.10 | 40.20 | 105.30 | OK | |
r-devel-linux-x86_64-debian-gcc | 0.2.1 | 40.34 | 30.53 | 70.87 | OK | |
r-devel-linux-x86_64-fedora-clang | 0.2.1 | 192.92 | OK | |||
r-devel-linux-x86_64-fedora-gcc | 0.2.1 | 153.13 | OK | |||
r-devel-windows-x86_64 | 0.2.1 | 72.00 | 82.00 | 154.00 | OK | |
r-patched-linux-x86_64 | 0.2.1 | 56.70 | 37.14 | 93.84 | OK | |
r-release-linux-x86_64 | 0.2.1 | 53.05 | 37.18 | 90.23 | OK | |
r-release-macos-arm64 | 0.2.1 | 42.00 | OK | |||
r-release-macos-x86_64 | 0.2.1 | 61.00 | OK | |||
r-release-windows-x86_64 | 0.2.1 | 71.00 | 84.00 | 155.00 | OK | |
r-oldrel-macos-arm64 | 0.2.1 | 44.00 | NOTE | |||
r-oldrel-macos-x86_64 | 0.2.1 | 51.00 | NOTE | |||
r-oldrel-windows-x86_64 | 0.2.1 | 79.00 | 96.00 | 175.00 | OK |
Version: 0.2.1
Check: installed package size
Result: NOTE
installed size is 5.7Mb
sub-directories of 1Mb or more:
help 2.6Mb
libs 3.1Mb
Flavors: r-oldrel-macos-arm64, r-oldrel-macos-x86_64