Last updated on 2025-11-04 11:52:27 CET.
| Flavor | Version | Tinstall | Tcheck | Ttotal | Status | Flags | 
|---|---|---|---|---|---|---|
| r-devel-linux-x86_64-debian-clang | 0.2.2 | 64.55 | 45.44 | 109.99 | OK | |
| r-devel-linux-x86_64-debian-gcc | 0.2.2 | 35.13 | 33.95 | 69.08 | OK | |
| r-devel-linux-x86_64-fedora-clang | 0.2.2 | 113.00 | 74.99 | 187.99 | OK | |
| r-devel-linux-x86_64-fedora-gcc | 0.2.2 | 121.00 | 52.02 | 173.02 | OK | |
| r-devel-windows-x86_64 | 0.2.2 | 74.00 | 82.00 | 156.00 | OK | |
| r-patched-linux-x86_64 | 0.2.2 | 55.96 | 42.28 | 98.24 | OK | |
| r-release-linux-x86_64 | 0.2.2 | 54.96 | 41.97 | 96.93 | OK | |
| r-release-macos-arm64 | 0.2.2 | 21.00 | 23.00 | 44.00 | OK | |
| r-release-macos-x86_64 | 0.2.2 | 29.00 | 49.00 | 78.00 | OK | |
| r-release-windows-x86_64 | 0.2.2 | 70.00 | 80.00 | 150.00 | OK | |
| r-oldrel-macos-arm64 | 0.2.2 | 20.00 | 28.00 | 48.00 | NOTE | |
| r-oldrel-macos-x86_64 | 0.2.2 | 27.00 | 48.00 | 75.00 | NOTE | |
| r-oldrel-windows-x86_64 | 0.2.2 | 84.00 | 99.00 | 183.00 | OK | 
Version: 0.2.2
Check: installed package size
Result: NOTE
    installed size is  5.8Mb
    sub-directories of 1Mb or more:
      help   2.6Mb
      libs   3.1Mb
Flavors: r-oldrel-macos-arm64, r-oldrel-macos-x86_64