Last updated on 2025-11-03 11:49:39 CET.
| Flavor | Version | Tinstall | Tcheck | Ttotal | Status | Flags |
|---|---|---|---|---|---|---|
| r-devel-linux-x86_64-debian-clang | 1.4.2 | 34.24 | 151.43 | 185.67 | OK | |
| r-devel-linux-x86_64-debian-gcc | 1.4.2 | 22.21 | 110.76 | 132.97 | OK | |
| r-devel-linux-x86_64-fedora-clang | 1.4.2 | 75.00 | 205.18 | 280.18 | OK | |
| r-devel-linux-x86_64-fedora-gcc | 1.4.2 | 83.00 | 221.87 | 304.87 | OK | |
| r-devel-windows-x86_64 | 1.4.2 | 41.00 | 182.00 | 223.00 | OK | |
| r-patched-linux-x86_64 | 1.4.2 | 33.17 | 143.01 | 176.18 | OK | |
| r-release-linux-x86_64 | 1.4.2 | 35.77 | 144.16 | 179.93 | OK | |
| r-release-macos-arm64 | 1.4.2 | 22.00 | 176.00 | 198.00 | OK | |
| r-release-macos-x86_64 | 1.4.2 | 25.00 | 134.00 | 159.00 | OK | |
| r-release-windows-x86_64 | 1.4.2 | 41.00 | 182.00 | 223.00 | OK | |
| r-oldrel-macos-arm64 | 1.4.2 | 13.00 | 68.00 | 81.00 | NOTE | |
| r-oldrel-macos-x86_64 | 1.4.2 | 24.00 | 124.00 | 148.00 | NOTE | |
| r-oldrel-windows-x86_64 | 1.4.2 | 52.00 | 224.00 | 276.00 | NOTE |
Version: 1.4.2
Check: installed package size
Result: NOTE
installed size is 6.2Mb
sub-directories of 1Mb or more:
data 3.5Mb
libs 2.1Mb
Flavors: r-oldrel-macos-arm64, r-oldrel-macos-x86_64, r-oldrel-windows-x86_64