Last updated on 2025-11-04 11:52:27 CET.
| Flavor | Version | Tinstall | Tcheck | Ttotal | Status | Flags | 
|---|---|---|---|---|---|---|
| r-devel-linux-x86_64-debian-clang | 2.0-4 | 22.40 | 50.12 | 72.52 | NOTE | |
| r-devel-linux-x86_64-debian-gcc | 2.0-4 | 14.73 | 37.07 | 51.80 | NOTE | |
| r-devel-linux-x86_64-fedora-clang | 2.0-4 | 51.00 | 68.27 | 119.27 | NOTE | |
| r-devel-linux-x86_64-fedora-gcc | 2.0-4 | 54.00 | 66.60 | 120.60 | NOTE | |
| r-devel-windows-x86_64 | 2.0-4 | 33.00 | 79.00 | 112.00 | NOTE | |
| r-patched-linux-x86_64 | 2.0-4 | 23.08 | 48.08 | 71.16 | NOTE | |
| r-release-linux-x86_64 | 2.0-4 | 23.11 | 47.81 | 70.92 | NOTE | |
| r-release-macos-arm64 | 2.0-4 | 12.00 | 29.00 | 41.00 | NOTE | |
| r-release-macos-x86_64 | 2.0-4 | 23.00 | 44.00 | 67.00 | NOTE | |
| r-release-windows-x86_64 | 2.0-4 | 33.00 | 78.00 | 111.00 | NOTE | |
| r-oldrel-macos-arm64 | 2.0-4 | 11.00 | 25.00 | 36.00 | NOTE | |
| r-oldrel-macos-x86_64 | 2.0-4 | 15.00 | 41.00 | 56.00 | NOTE | |
| r-oldrel-windows-x86_64 | 2.0-4 | 34.00 | 100.00 | 134.00 | NOTE | 
Version: 2.0-4
Check: CRAN incoming feasibility
Result: NOTE
  Maintainer: ‘John Hughes <drjphughesjr@gmail.com>’
  
  No Authors@R field in DESCRIPTION.
  Please add one, modifying
    Authors@R: c(person(given = "Emily",
                        family = "Goren",
                        role = "aut",
                        email = "emily.goren@gmail.com"),
                 person(given = "John",
                        family = "Hughes",
                        role = c("aut", "cre"),
                        email = "drjphughesjr@gmail.com"))
  as necessary.
  
  Package CITATION file contains call(s) to old-style personList() or
  as.personList().  Please use c() on person objects instead.
  Package CITATION file contains call(s) to old-style citEntry().  Please
  use bibentry() instead.
Flavors: r-devel-linux-x86_64-debian-clang, r-devel-linux-x86_64-debian-gcc
Version: 2.0-4
Check: Rd files
Result: NOTE
  checkRd: (-1) copCAR.Rd:40: Lost braces
      40 |        item{\code{maxit}}{the maximum number of iterations to be used by \code{\link{optim}} when optimizing the objective function. Defaults to \code{1000}.}
         |            ^
  checkRd: (-1) copCAR.Rd:40: Lost braces
      40 |        item{\code{maxit}}{the maximum number of iterations to be used by \code{\link{optim}} when optimizing the objective function. Defaults to \code{1000}.}
         |                          ^
Flavors: r-devel-linux-x86_64-debian-clang, r-devel-linux-x86_64-debian-gcc, r-devel-linux-x86_64-fedora-clang, r-devel-linux-x86_64-fedora-gcc, r-devel-windows-x86_64, r-patched-linux-x86_64, r-release-linux-x86_64, r-release-macos-arm64, r-release-macos-x86_64, r-release-windows-x86_64, r-oldrel-macos-arm64, r-oldrel-macos-x86_64, r-oldrel-windows-x86_64