Last updated on 2025-11-03 23:50:14 CET.
| Flavor | Version | Tinstall | Tcheck | Ttotal | Status | Flags | 
|---|---|---|---|---|---|---|
| r-devel-linux-x86_64-debian-clang | 2.2.9 | 14.93 | 137.05 | 151.98 | NOTE | |
| r-devel-linux-x86_64-debian-gcc | 2.2.11 | 8.32 | 89.53 | 97.85 | OK | |
| r-devel-linux-x86_64-fedora-clang | 2.2.11 | 36.00 | 204.40 | 240.40 | OK | |
| r-devel-linux-x86_64-fedora-gcc | 2.2.11 | 29.00 | 210.94 | 239.94 | OK | |
| r-devel-windows-x86_64 | 2.2.9 | 17.00 | 142.00 | 159.00 | NOTE | |
| r-patched-linux-x86_64 | 2.2.9 | 20.35 | 129.86 | 150.21 | OK | |
| r-release-linux-x86_64 | 2.2.9 | 14.59 | 129.54 | 144.13 | OK | |
| r-release-macos-arm64 | 2.2.11 | 6.00 | 92.00 | 98.00 | OK | |
| r-release-macos-x86_64 | 2.2.11 | 12.00 | 150.00 | 162.00 | OK | |
| r-release-windows-x86_64 | 2.2.9 | 16.00 | 167.00 | 183.00 | OK | |
| r-oldrel-macos-arm64 | 2.2.11 | 7.00 | 73.00 | 80.00 | OK | |
| r-oldrel-macos-x86_64 | 2.2.11 | 13.00 | 124.00 | 137.00 | OK | |
| r-oldrel-windows-x86_64 | 2.2.9 | 23.00 | 202.00 | 225.00 | OK | 
Version: 2.2.9
Check: Rd files
Result: NOTE
  checkRd: (-1) copBasic-package.Rd:62-110: Only 4 columns allowed in this table (row 48 has 1)
Flavors: r-devel-linux-x86_64-debian-clang, r-devel-windows-x86_64