Last updated on 2025-05-27 18:49:47 CEST.
Flavor | Version | Tinstall | Tcheck | Ttotal | Status | Flags |
---|---|---|---|---|---|---|
r-devel-linux-x86_64-debian-clang | 1.3 | 5.58 | 51.51 | 57.09 | NOTE | |
r-devel-linux-x86_64-debian-gcc | 1.3 | 4.26 | 38.28 | 42.54 | NOTE | |
r-devel-linux-x86_64-fedora-clang | 1.3 | 90.55 | OK | |||
r-devel-linux-x86_64-fedora-gcc | 1.3 | 80.96 | OK | |||
r-devel-windows-x86_64 | 1.3 | 8.00 | 69.00 | 77.00 | OK | |
r-patched-linux-x86_64 | 1.3 | 4.73 | 47.98 | 52.71 | OK | |
r-release-linux-x86_64 | 1.3 | 6.18 | 48.83 | 55.01 | OK | |
r-release-macos-arm64 | 1.3 | 31.00 | OK | |||
r-release-macos-x86_64 | 1.3 | 65.00 | OK | |||
r-release-windows-x86_64 | 1.3 | 7.00 | 73.00 | 80.00 | OK | |
r-oldrel-macos-arm64 | 1.3 | 27.00 | OK | |||
r-oldrel-macos-x86_64 | 1.3 | 40.00 | OK | |||
r-oldrel-windows-x86_64 | 1.3 | 9.00 | 79.00 | 88.00 | OK |
Version: 1.3
Check: CRAN incoming feasibility
Result: NOTE
Maintainer: ‘Daniel M. Griffith <griffith.dan@gmail.com>’
No Authors@R field in DESCRIPTION.
Please add one, modifying
Authors@R: c(person(given = c("Daniel", "M."),
family = "Griffith",
role = c("aut", "cre"),
email = "griffith.dan@gmail.com"),
person(given = c("Joseph", "A."),
family = "Veech",
role = "aut"),
person(given = c("Charles", "J."),
family = "Marsh",
role = "aut"))
as necessary.
File 'R/cooccur-internal.R' sets .Random.seed.
This is usually neither needed nor wanted.
Flavors: r-devel-linux-x86_64-debian-clang, r-devel-linux-x86_64-debian-gcc