Last updated on 2025-11-03 11:49:39 CET.
| Flavor | Version | Tinstall | Tcheck | Ttotal | Status | Flags |
|---|---|---|---|---|---|---|
| r-devel-linux-x86_64-debian-clang | 1.3.3 | 163.66 | 69.71 | 233.37 | OK | |
| r-devel-linux-x86_64-debian-gcc | 1.3.3 | 104.17 | 50.70 | 154.87 | OK | |
| r-devel-linux-x86_64-fedora-clang | 1.3.3 | 177.00 | 185.76 | 362.76 | OK | |
| r-devel-linux-x86_64-fedora-gcc | 1.3.3 | 132.00 | 260.91 | 392.91 | OK | |
| r-devel-windows-x86_64 | 1.3.3 | 153.00 | 99.00 | 252.00 | OK | |
| r-patched-linux-x86_64 | 1.3.3 | 150.06 | 64.97 | 215.03 | OK | |
| r-release-linux-x86_64 | 1.3.3 | 154.76 | 65.09 | 219.85 | OK | |
| r-release-macos-arm64 | 1.3.3 | 62.00 | 32.00 | 94.00 | OK | |
| r-release-macos-x86_64 | 1.3.3 | 71.00 | 58.00 | 129.00 | OK | |
| r-release-windows-x86_64 | 1.3.3 | 155.00 | 96.00 | 251.00 | OK | |
| r-oldrel-macos-arm64 | 1.3.3 | 61.00 | 31.00 | 92.00 | NOTE | |
| r-oldrel-macos-x86_64 | 1.3.3 | 57.00 | 60.00 | 117.00 | NOTE | |
| r-oldrel-windows-x86_64 | 1.3.3 | 182.00 | 128.00 | 310.00 | OK |
Version: 1.3.3
Check: installed package size
Result: NOTE
installed size is 19.7Mb
sub-directories of 1Mb or more:
libs 19.4Mb
Flavors: r-oldrel-macos-arm64, r-oldrel-macos-x86_64