CRAN Package Check Results for Package conformalbayes

Last updated on 2025-07-10 12:48:20 CEST.

Flavor Version Tinstall Tcheck Ttotal Status Flags
r-devel-linux-x86_64-debian-clang 0.1.2 2.07 58.81 60.88 NOTE
r-devel-linux-x86_64-debian-gcc 0.1.2 1.60 44.36 45.96 NOTE
r-devel-linux-x86_64-fedora-clang 0.1.2 92.21 OK
r-devel-linux-x86_64-fedora-gcc 0.1.2 91.96 OK
r-devel-windows-x86_64 0.1.2 4.00 77.00 81.00 NOTE
r-patched-linux-x86_64 0.1.2 2.23 55.50 57.73 NOTE
r-release-linux-x86_64 0.1.2 1.99 55.12 57.11 NOTE
r-release-macos-arm64 0.1.2 39.00 OK
r-release-macos-x86_64 0.1.2 59.00 OK
r-release-windows-x86_64 0.1.2 5.00 78.00 83.00 NOTE
r-oldrel-macos-arm64 0.1.2 33.00 OK
r-oldrel-macos-x86_64 0.1.2 51.00 OK
r-oldrel-windows-x86_64 0.1.2 4.00 92.00 96.00 OK

Check Details

Version: 0.1.2
Check: Rd cross-references
Result: NOTE Found the following Rd file(s) with Rd \link{} targets missing package anchors: loo_conformal.Rd: predictive_interval predictive_interval.conformal.Rd: posterior_predict Please provide package anchors for all Rd \link{} targets not in the package itself and the base packages. Flavors: r-devel-linux-x86_64-debian-clang, r-devel-linux-x86_64-debian-gcc, r-devel-windows-x86_64, r-patched-linux-x86_64, r-release-linux-x86_64, r-release-windows-x86_64

mirror server hosted at Truenetwork, Russian Federation.