Last updated on 2025-11-04 05:51:07 CET.
| Flavor | Version | Tinstall | Tcheck | Ttotal | Status | Flags | 
|---|---|---|---|---|---|---|
| r-devel-linux-x86_64-debian-clang | 1.0.6 | 443.22 | 191.65 | 634.87 | OK | |
| r-devel-linux-x86_64-debian-gcc | 1.0.6 | 419.25 | 178.87 | 598.12 | OK | |
| r-devel-linux-x86_64-fedora-clang | 1.0.6 | 840.00 | 111.16 | 951.16 | OK | |
| r-devel-linux-x86_64-fedora-gcc | 1.0.6 | 1380.00 | -77.33 | 1302.67 | OK | |
| r-devel-windows-x86_64 | 1.0.6 | 519.00 | 230.00 | 749.00 | OK | |
| r-patched-linux-x86_64 | 1.0.6 | 558.28 | 232.81 | 791.09 | OK | |
| r-release-linux-x86_64 | 1.0.6 | 549.45 | 235.92 | 785.37 | OK | |
| r-release-macos-arm64 | 1.0.6 | 165.00 | 63.00 | 228.00 | OK | |
| r-release-macos-x86_64 | 1.0.6 | 202.00 | 147.00 | 349.00 | OK | |
| r-release-windows-x86_64 | 1.0.6 | 505.00 | 228.00 | 733.00 | OK | |
| r-oldrel-macos-arm64 | 1.0.6 | 94.00 | 47.00 | 141.00 | NOTE | |
| r-oldrel-macos-x86_64 | 1.0.6 | 74.00 | 78.00 | 152.00 | NOTE | |
| r-oldrel-windows-x86_64 | 1.0.6 | 568.00 | 295.00 | 863.00 | NOTE | 
Version: 1.0.6
Check: installed package size
Result: NOTE
    installed size is 101.0Mb
    sub-directories of 1Mb or more:
      libs  99.8Mb
Flavors: r-oldrel-macos-arm64, r-oldrel-macos-x86_64, r-oldrel-windows-x86_64
Version: 1.0.6
Check: for GNU extensions in Makefiles
Result: NOTE
  GNU make is a SystemRequirements.
Flavors: r-oldrel-macos-arm64, r-oldrel-macos-x86_64, r-oldrel-windows-x86_64