Last updated on 2025-11-04 11:52:27 CET.
| Flavor | Version | Tinstall | Tcheck | Ttotal | Status | Flags | 
|---|---|---|---|---|---|---|
| r-devel-linux-x86_64-debian-clang | 0.1.2 | 1.86 | 34.98 | 36.84 | OK | |
| r-devel-linux-x86_64-debian-gcc | 0.1.2 | 1.76 | 26.74 | 28.50 | OK | |
| r-devel-linux-x86_64-fedora-clang | 0.1.2 | 55.88 | OK | |||
| r-devel-linux-x86_64-fedora-gcc | 0.1.2 | 53.77 | OK | |||
| r-devel-windows-x86_64 | 0.1.2 | 5.00 | 53.00 | 58.00 | OK | |
| r-patched-linux-x86_64 | 0.1.2 | 2.33 | 32.04 | 34.37 | OK | |
| r-release-linux-x86_64 | 0.1.2 | 2.11 | 32.15 | 34.26 | OK | |
| r-release-macos-arm64 | 0.1.2 | 1.00 | 21.00 | 22.00 | OK | |
| r-release-macos-x86_64 | 0.1.2 | 2.00 | 58.00 | 60.00 | OK | |
| r-release-windows-x86_64 | 0.1.2 | 3.00 | 51.00 | 54.00 | OK | |
| r-oldrel-macos-arm64 | 0.1.2 | 1.00 | 31.00 | 32.00 | OK | |
| r-oldrel-macos-x86_64 | 0.1.2 | 2.00 | 58.00 | 60.00 | OK | |
| r-oldrel-windows-x86_64 | 0.1.2 | 5.00 | 60.00 | 65.00 | NOTE | 
Version: 0.1.2
Check: package dependencies
Result: NOTE
  Package suggested but not available for checking: 'littler'
Flavor: r-oldrel-windows-x86_64