Last updated on 2025-11-04 05:51:07 CET.
| Flavor | Version | Tinstall | Tcheck | Ttotal | Status | Flags | 
|---|---|---|---|---|---|---|
| r-devel-linux-x86_64-debian-clang | 1.1 | 8.55 | 79.38 | 87.93 | NOTE | |
| r-devel-linux-x86_64-debian-gcc | 1.1 | 6.65 | 56.66 | 63.31 | NOTE | |
| r-devel-linux-x86_64-fedora-clang | 1.1 | 20.00 | 115.31 | 135.31 | OK | |
| r-devel-linux-x86_64-fedora-gcc | 1.1 | 20.00 | 109.58 | 129.58 | OK | |
| r-devel-windows-x86_64 | 1.1 | 11.00 | 93.00 | 104.00 | OK | |
| r-patched-linux-x86_64 | 1.1 | 7.94 | 75.35 | 83.29 | OK | |
| r-release-linux-x86_64 | 1.1 | 9.27 | 75.44 | 84.71 | OK | |
| r-release-macos-arm64 | 1.1 | 4.00 | 39.00 | 43.00 | OK | |
| r-release-macos-x86_64 | 1.1 | 9.00 | 71.00 | 80.00 | OK | |
| r-release-windows-x86_64 | 1.1 | 10.00 | 93.00 | 103.00 | OK | |
| r-oldrel-macos-arm64 | 1.1 | 5.00 | 35.00 | 40.00 | OK | |
| r-oldrel-macos-x86_64 | 1.1 | 6.00 | 51.00 | 57.00 | OK | |
| r-oldrel-windows-x86_64 | 1.1 | 15.00 | 120.00 | 135.00 | OK | 
Version: 1.1
Check: CRAN incoming feasibility
Result: NOTE
  Maintainer: ‘Andreas Muehling <andreas.muehling@tum.de>’
  
  No Authors@R field in DESCRIPTION.
  Please add one, modifying
    Authors@R: person(given = "Andreas",
                      family = "Muehling",
                      role = c("aut", "cre"),
                      email = "andreas.muehling@tum.de")
  as necessary.
Flavors: r-devel-linux-x86_64-debian-clang, r-devel-linux-x86_64-debian-gcc