Last updated on 2025-11-04 05:51:07 CET.
| Flavor | Version | Tinstall | Tcheck | Ttotal | Status | Flags | 
|---|---|---|---|---|---|---|
| r-devel-linux-x86_64-debian-clang | 0.1.1 | 6.05 | 88.60 | 94.65 | NOTE | |
| r-devel-linux-x86_64-debian-gcc | 0.1.1 | 4.50 | 66.00 | 70.50 | NOTE | |
| r-devel-linux-x86_64-fedora-clang | 0.1.1 | 15.00 | 128.37 | 143.37 | OK | |
| r-devel-linux-x86_64-fedora-gcc | 0.1.1 | 14.00 | 142.48 | 156.48 | OK | |
| r-devel-windows-x86_64 | 0.1.1 | 8.00 | 96.00 | 104.00 | OK | |
| r-patched-linux-x86_64 | 0.1.1 | 6.62 | 84.27 | 90.89 | OK | |
| r-release-linux-x86_64 | 0.1.1 | 6.51 | 85.21 | 91.72 | OK | |
| r-release-macos-arm64 | 0.1.1 | 3.00 | 57.00 | 60.00 | OK | |
| r-release-macos-x86_64 | 0.1.1 | 7.00 | 96.00 | 103.00 | OK | |
| r-release-windows-x86_64 | 0.1.1 | 9.00 | 96.00 | 105.00 | OK | |
| r-oldrel-macos-arm64 | 0.1.1 | 2.00 | 43.00 | 45.00 | OK | |
| r-oldrel-macos-x86_64 | 0.1.1 | 4.00 | 66.00 | 70.00 | OK | |
| r-oldrel-windows-x86_64 | 0.1.1 | 11.00 | 125.00 | 136.00 | OK | 
Version: 0.1.1
Check: CRAN incoming feasibility
Result: NOTE
  Maintainer: ‘Alan Inglis <alan.n.inglis@gmail.com>’
  
  No Authors@R field in DESCRIPTION.
  Please add one, modifying
    Authors@R: person(given = "Alan",
                      family = "Inglis",
                      role = c("aut", "cre"),
                      email = "alan.n.inglis@gmail.com")
  as necessary.
Flavors: r-devel-linux-x86_64-debian-clang, r-devel-linux-x86_64-debian-gcc