Last updated on 2025-11-04 05:51:07 CET.
| Flavor | Version | Tinstall | Tcheck | Ttotal | Status | Flags | 
|---|---|---|---|---|---|---|
| r-devel-linux-x86_64-debian-clang | 0.19-4.1 | 5.27 | 37.72 | 42.99 | NOTE | |
| r-devel-linux-x86_64-debian-gcc | 0.19-4.1 | 3.81 | 27.67 | 31.48 | NOTE | |
| r-devel-linux-x86_64-fedora-clang | 0.19-4.1 | 11.00 | 53.81 | 64.81 | OK | |
| r-devel-linux-x86_64-fedora-gcc | 0.19-4.1 | 14.00 | 47.78 | 61.78 | OK | |
| r-devel-windows-x86_64 | 0.19-4.1 | 10.00 | 56.00 | 66.00 | OK | |
| r-patched-linux-x86_64 | 0.19-4.1 | 5.83 | 34.85 | 40.68 | OK | |
| r-release-linux-x86_64 | 0.19-4.1 | 5.33 | 35.57 | 40.90 | OK | |
| r-release-macos-arm64 | 0.19-4.1 | 2.00 | 22.00 | 24.00 | OK | |
| r-release-macos-x86_64 | 0.19-4.1 | 9.00 | 38.00 | 47.00 | OK | |
| r-release-windows-x86_64 | 0.19-4.1 | 9.00 | 56.00 | 65.00 | OK | |
| r-oldrel-macos-arm64 | 0.19-4.1 | 2.00 | 23.00 | 25.00 | OK | |
| r-oldrel-macos-x86_64 | 0.19-4.1 | 4.00 | 27.00 | 31.00 | OK | |
| r-oldrel-windows-x86_64 | 0.19-4.1 | 9.00 | 69.00 | 78.00 | OK | 
Version: 0.19-4.1
Check: CRAN incoming feasibility
Result: NOTE
  Maintainer: ‘Martyn Plummer <martyn.plummer@gmail.com>’
  
  Package CITATION file contains call(s) to old-style personList() or
  as.personList().  Please use c() on person objects instead.
  Package CITATION file contains call(s) to old-style citEntry().  Please
  use bibentry() instead.
Flavors: r-devel-linux-x86_64-debian-clang, r-devel-linux-x86_64-debian-gcc