Last updated on 2025-11-04 11:52:27 CET.
| Flavor | Version | Tinstall | Tcheck | Ttotal | Status | Flags | 
|---|---|---|---|---|---|---|
| r-devel-linux-x86_64-debian-clang | 1.1.0 | 2.77 | 81.45 | 84.22 | NOTE | |
| r-devel-linux-x86_64-debian-gcc | 1.1.0 | 2.08 | 57.43 | 59.51 | NOTE | |
| r-devel-linux-x86_64-fedora-clang | 1.1.0 | 130.43 | NOTE | |||
| r-devel-linux-x86_64-fedora-gcc | 1.1.0 | 143.65 | NOTE | |||
| r-devel-windows-x86_64 | 1.1.0 | 6.00 | 99.00 | 105.00 | OK | |
| r-patched-linux-x86_64 | 1.1.0 | 2.06 | 77.55 | 79.61 | OK | |
| r-release-linux-x86_64 | 1.1.0 | 2.07 | 77.87 | 79.94 | OK | |
| r-release-macos-arm64 | 1.1.0 | 1.00 | 50.00 | 51.00 | OK | |
| r-release-macos-x86_64 | 1.1.0 | 2.00 | 109.00 | 111.00 | OK | |
| r-release-windows-x86_64 | 1.1.0 | 5.00 | 97.00 | 102.00 | OK | |
| r-oldrel-macos-arm64 | 1.1.0 | 1.00 | 53.00 | 54.00 | NOTE | |
| r-oldrel-macos-x86_64 | 1.1.0 | 2.00 | 78.00 | 80.00 | NOTE | |
| r-oldrel-windows-x86_64 | 1.1.0 | 6.00 | 141.00 | 147.00 | NOTE | 
Version: 1.1.0
Check: CRAN incoming feasibility
Result: NOTE
  Maintainer: ‘Alessandra Cabassi <alessandra.cabassi@mrc-bsu.cam.ac.uk>’
  
  Package CITATION file contains call(s) to old-style personList() or
  as.personList().  Please use c() on person objects instead.
  Package CITATION file contains call(s) to old-style citEntry().  Please
  use bibentry() instead.
Flavors: r-devel-linux-x86_64-debian-clang, r-devel-linux-x86_64-debian-gcc
Version: 1.1.0
Check: dependencies in R code
Result: NOTE
  Namespaces in Imports field not imported from:
    ‘Matrix’ ‘nnet’
    All declared Imports should be used.
Flavors: r-devel-linux-x86_64-fedora-clang, r-devel-linux-x86_64-fedora-gcc
Version: 1.1.0
Check: LazyData
Result: NOTE
    'LazyData' is specified without a 'data' directory
Flavors: r-oldrel-macos-arm64, r-oldrel-macos-x86_64, r-oldrel-windows-x86_64