Last updated on 2025-11-04 05:51:07 CET.
| Flavor | Version | Tinstall | Tcheck | Ttotal | Status | Flags | 
|---|---|---|---|---|---|---|
| r-devel-linux-x86_64-debian-clang | 0.4-4 | 10.79 | 89.31 | 100.10 | NOTE | |
| r-devel-linux-x86_64-debian-gcc | 0.4-4 | 6.78 | 66.62 | 73.40 | NOTE | |
| r-devel-linux-x86_64-fedora-clang | 0.4-4 | 23.00 | 128.78 | 151.78 | OK | |
| r-devel-linux-x86_64-fedora-gcc | 0.4-4 | 30.00 | 140.33 | 170.33 | OK | |
| r-devel-windows-x86_64 | 0.4-4 | 14.00 | 119.00 | 133.00 | OK | |
| r-patched-linux-x86_64 | 0.4-4 | 9.26 | 86.33 | 95.59 | OK | |
| r-release-linux-x86_64 | 0.4-4 | 10.05 | 86.76 | 96.81 | OK | |
| r-release-macos-arm64 | 0.4-4 | 7.00 | 56.00 | 63.00 | OK | |
| r-release-macos-x86_64 | 0.4-4 | 11.00 | 99.00 | 110.00 | OK | |
| r-release-windows-x86_64 | 0.4-4 | 13.00 | 118.00 | 131.00 | OK | |
| r-oldrel-macos-arm64 | 0.4-4 | 6.00 | 47.00 | 53.00 | OK | |
| r-oldrel-macos-x86_64 | 0.4-4 | 13.00 | 71.00 | 84.00 | OK | |
| r-oldrel-windows-x86_64 | 0.4-4 | 17.00 | 139.00 | 156.00 | OK | 
Version: 0.4-4
Check: CRAN incoming feasibility
Result: NOTE
  Maintainer: ‘Emmanuel Paradis <Emmanuel.Paradis@ird.fr>’
  
  Package CITATION file contains call(s) to old-style personList() or
  as.personList().  Please use c() on person objects instead.
  Package CITATION file contains call(s) to old-style citEntry().  Please
  use bibentry() instead.
Flavors: r-devel-linux-x86_64-debian-clang, r-devel-linux-x86_64-debian-gcc