CRAN Package Check Results for Package cliot

Last updated on 2025-07-10 19:17:48 CEST.

Flavor Version Tinstall Tcheck Ttotal Status Flags
r-devel-linux-x86_64-debian-clang 0.2.0 2.13 19.44 21.57 NOTE
r-devel-linux-x86_64-debian-gcc 0.2.0 1.68 15.86 17.54 NOTE
r-devel-linux-x86_64-fedora-clang 0.2.0 33.00 OK
r-devel-linux-x86_64-fedora-gcc 0.2.0 31.50 OK
r-devel-windows-x86_64 0.2.0 4.00 41.00 45.00 OK
r-patched-linux-x86_64 0.2.0 2.30 18.27 20.57 OK
r-release-linux-x86_64 0.2.0 2.08 18.23 20.31 OK
r-release-macos-arm64 0.2.0 17.00 OK
r-release-macos-x86_64 0.2.0 22.00 OK
r-release-windows-x86_64 0.2.0 4.00 42.00 46.00 OK
r-oldrel-macos-arm64 0.2.0 21.00 OK
r-oldrel-macos-x86_64 0.2.0 20.00 OK
r-oldrel-windows-x86_64 0.2.0 3.00 38.00 41.00 OK

Check Details

Version: 0.2.0
Check: CRAN incoming feasibility
Result: NOTE Maintainer: ‘Neel Agarwal <neel.agarwal.216@gmail.com>’ No Authors@R field in DESCRIPTION. Please add one, modifying Authors@R: person(given = "Neel", family = "Agarwal", role = c("aut", "cre"), email = "nxa357@case.edu") as necessary. Flavors: r-devel-linux-x86_64-debian-clang, r-devel-linux-x86_64-debian-gcc

mirror server hosted at Truenetwork, Russian Federation.