Last updated on 2025-02-22 11:51:22 CET.
Flavor | Version | Tinstall | Tcheck | Ttotal | Status | Flags |
---|---|---|---|---|---|---|
r-devel-linux-x86_64-debian-clang | 1.0-8 | 21.46 | 180.88 | 202.34 | NOTE | |
r-devel-linux-x86_64-debian-gcc | 1.0-8 | 15.58 | 116.17 | 131.75 | NOTE | |
r-devel-linux-x86_64-fedora-clang | 1.0-8 | 312.48 | NOTE | |||
r-devel-linux-x86_64-fedora-gcc | 1.0-8 | 354.68 | NOTE | |||
r-devel-macos-arm64 | 1.0-8 | 88.00 | NOTE | |||
r-devel-macos-x86_64 | 1.0-8 | 217.00 | NOTE | |||
r-devel-windows-x86_64 | 1.0-8 | 22.00 | 207.00 | 229.00 | NOTE | |
r-patched-linux-x86_64 | 1.0-8 | 22.92 | 167.91 | 190.83 | NOTE | |
r-release-linux-x86_64 | 1.0-8 | 22.77 | 167.48 | 190.25 | NOTE | |
r-release-macos-arm64 | 1.0-8 | 86.00 | NOTE | |||
r-release-macos-x86_64 | 1.0-8 | 137.00 | NOTE | |||
r-release-windows-x86_64 | 1.0-8 | 23.00 | 210.00 | 233.00 | NOTE | |
r-oldrel-macos-arm64 | 1.0-8 | 102.00 | NOTE | |||
r-oldrel-macos-x86_64 | 1.0-8 | 183.00 | NOTE | |||
r-oldrel-windows-x86_64 | 1.0-8 | 27.00 | 287.00 | 314.00 | NOTE |
Version: 1.0-8
Check: C++ specification
Result: NOTE
Specified C++11: please drop specification unless essential
Flavors: r-devel-linux-x86_64-debian-clang, r-devel-linux-x86_64-debian-gcc, r-devel-linux-x86_64-fedora-clang, r-devel-linux-x86_64-fedora-gcc, r-devel-macos-arm64, r-devel-macos-x86_64, r-devel-windows-x86_64, r-patched-linux-x86_64, r-release-linux-x86_64, r-release-macos-arm64, r-release-macos-x86_64, r-release-windows-x86_64, r-oldrel-macos-arm64, r-oldrel-macos-x86_64, r-oldrel-windows-x86_64