Last updated on 2025-02-22 11:51:22 CET.
Flavor | Version | Tinstall | Tcheck | Ttotal | Status | Flags |
---|---|---|---|---|---|---|
r-devel-linux-x86_64-debian-clang | 1.6.1 | 53.61 | 22.15 | 75.76 | OK | |
r-devel-linux-x86_64-debian-gcc | 1.6.1 | 37.14 | 17.88 | 55.02 | OK | |
r-devel-linux-x86_64-fedora-clang | 1.6.1 | 176.71 | OK | |||
r-devel-linux-x86_64-fedora-gcc | 1.6.1 | 137.99 | OK | |||
r-devel-macos-arm64 | 1.6.1 | 39.00 | OK | |||
r-devel-macos-x86_64 | 1.6.1 | 67.00 | OK | |||
r-devel-windows-x86_64 | 1.6.1 | 60.00 | 77.00 | 137.00 | OK | |
r-patched-linux-x86_64 | 1.6.1 | 53.28 | 21.26 | 74.54 | OK | |
r-release-linux-x86_64 | 1.6.1 | 52.16 | 21.26 | 73.42 | OK | |
r-release-macos-arm64 | 1.6.1 | 39.00 | NOTE | |||
r-release-macos-x86_64 | 1.6.1 | 56.00 | NOTE | |||
r-release-windows-x86_64 | 1.6.1 | 60.00 | 66.00 | 126.00 | OK | |
r-oldrel-macos-arm64 | 1.6.1 | 43.00 | NOTE | |||
r-oldrel-macos-x86_64 | 1.6.1 | 64.00 | NOTE | |||
r-oldrel-windows-x86_64 | 1.6.1 | 63.00 | 78.00 | 141.00 | OK |
Version: 1.6.1
Check: installed package size
Result: NOTE
installed size is 9.4Mb
sub-directories of 1Mb or more:
libs 9.3Mb
Flavors: r-release-macos-arm64, r-release-macos-x86_64, r-oldrel-macos-arm64, r-oldrel-macos-x86_64