Last updated on 2025-11-04 05:51:07 CET.
| Flavor | Version | Tinstall | Tcheck | Ttotal | Status | Flags | 
|---|---|---|---|---|---|---|
| r-devel-linux-x86_64-debian-clang | 3.1.3 | 25.58 | 278.34 | 303.92 | OK | |
| r-devel-linux-x86_64-debian-gcc | 3.1.3 | 18.33 | 181.67 | 200.00 | OK | |
| r-devel-linux-x86_64-fedora-clang | 3.1.3 | 52.00 | 385.57 | 437.57 | OK | |
| r-devel-linux-x86_64-fedora-gcc | 3.1.3 | 83.00 | 391.09 | 474.09 | OK | |
| r-devel-windows-x86_64 | 3.1.3 | 45.00 | 390.00 | 435.00 | OK | |
| r-patched-linux-x86_64 | 3.1.3 | 45.60 | 256.75 | 302.35 | OK | |
| r-release-linux-x86_64 | 3.1.3 | 24.52 | 261.43 | 285.95 | OK | |
| r-release-macos-arm64 | 3.1.3 | 18.00 | 101.00 | 119.00 | OK | |
| r-release-macos-x86_64 | 3.1.3 | 26.00 | 217.00 | 243.00 | OK | |
| r-release-windows-x86_64 | 3.1.3 | 44.00 | 378.00 | 422.00 | OK | |
| r-oldrel-macos-arm64 | 3.1.3 | 13.00 | 99.00 | 112.00 | NOTE | |
| r-oldrel-macos-x86_64 | 3.1.3 | 30.00 | 212.00 | 242.00 | NOTE | |
| r-oldrel-windows-x86_64 | 3.1.3 | 54.00 | 445.00 | 499.00 | OK | 
Version: 3.1.3
Check: installed package size
Result: NOTE
    installed size is  5.1Mb
    sub-directories of 1Mb or more:
      R      2.1Mb
      help   2.3Mb
Flavors: r-oldrel-macos-arm64, r-oldrel-macos-x86_64