CRAN Package Check Results for Package cities

Last updated on 2025-07-21 01:49:00 CEST.

Flavor Version Tinstall Tcheck Ttotal Status Flags
r-devel-linux-x86_64-debian-clang 0.1.3 7.85 244.36 252.21 NOTE
r-devel-linux-x86_64-debian-gcc 0.1.3 4.68 163.49 168.17 NOTE
r-devel-linux-x86_64-fedora-clang 0.1.3 389.85 NOTE
r-devel-linux-x86_64-fedora-gcc 0.1.3 402.41 NOTE
r-devel-windows-x86_64 0.1.3 9.00 230.00 239.00 NOTE
r-patched-linux-x86_64 0.1.3 7.11 230.56 237.67 NOTE
r-release-linux-x86_64 0.1.3 7.71 238.43 246.14 NOTE
r-release-macos-arm64 0.1.3 104.00 NOTE
r-release-macos-x86_64 0.1.3 246.00 NOTE
r-release-windows-x86_64 0.1.3 9.00 216.00 225.00 NOTE
r-oldrel-macos-arm64 0.1.3 104.00 NOTE
r-oldrel-macos-x86_64 0.1.3 180.00 NOTE
r-oldrel-windows-x86_64 0.1.3 12.00 314.00 326.00 NOTE

Check Details

Version: 0.1.3
Check: Rd files
Result: NOTE checkRd: (-1) data_generator.Rd:93: Lost braces; missing escapes or markup? 93 | \item{estimand_mean}{List of means of the FULL, S_{++}, S_{*+} and | ^ checkRd: (-1) data_generator.Rd:93: Lost braces; missing escapes or markup? 93 | \item{estimand_mean}{List of means of the FULL, S_{++}, S_{*+} and | ^ checkRd: (-1) data_generator.Rd:95: Lost braces; missing escapes or markup? 95 | \item{estimand_sd}{List of standard deviations of the FULL, S_{++}, S_{*+} | ^ checkRd: (-1) data_generator.Rd:95: Lost braces; missing escapes or markup? 95 | \item{estimand_sd}{List of standard deviations of the FULL, S_{++}, S_{*+} | ^ checkRd: (-1) data_generator_loop.Rd:96: Lost braces; missing escapes or markup? 96 | \item{estimand_mean}{List of means of the FULL, S_{++}, S_{*+} and | ^ checkRd: (-1) data_generator_loop.Rd:96: Lost braces; missing escapes or markup? 96 | \item{estimand_mean}{List of means of the FULL, S_{++}, S_{*+} and | ^ checkRd: (-1) data_generator_loop.Rd:98: Lost braces; missing escapes or markup? 98 | \item{estimand_sd}{List of standard deviations of the FULL, S_{++}, | ^ checkRd: (-1) data_generator_loop.Rd:99: Lost braces; missing escapes or markup? 99 | S_{*+} and PP estimands} | ^ Flavors: r-devel-linux-x86_64-debian-clang, r-devel-linux-x86_64-debian-gcc, r-devel-linux-x86_64-fedora-clang, r-devel-linux-x86_64-fedora-gcc, r-devel-windows-x86_64, r-patched-linux-x86_64, r-release-linux-x86_64, r-release-macos-arm64, r-release-macos-x86_64, r-release-windows-x86_64, r-oldrel-macos-arm64, r-oldrel-macos-x86_64, r-oldrel-windows-x86_64

mirror server hosted at Truenetwork, Russian Federation.