Last updated on 2025-02-22 11:51:22 CET.
Flavor | Version | Tinstall | Tcheck | Ttotal | Status | Flags |
---|---|---|---|---|---|---|
r-devel-linux-x86_64-debian-clang | 0.1.1 | 9.46 | 159.65 | 169.11 | OK | |
r-devel-linux-x86_64-debian-gcc | 0.1.1 | 6.71 | 109.23 | 115.94 | OK | |
r-devel-linux-x86_64-fedora-clang | 0.1.1 | 268.73 | OK | |||
r-devel-linux-x86_64-fedora-gcc | 0.1.1 | 274.81 | OK | |||
r-devel-macos-arm64 | 0.1.1 | 173.00 | OK | |||
r-devel-macos-x86_64 | 0.1.1 | 293.00 | OK | |||
r-devel-windows-x86_64 | 0.1.1 | 11.00 | 192.00 | 203.00 | OK | |
r-patched-linux-x86_64 | 0.1.1 | 8.73 | 142.72 | 151.45 | OK | |
r-release-linux-x86_64 | 0.1.1 | 8.10 | 145.49 | 153.59 | OK | |
r-release-macos-arm64 | 0.1.1 | 172.00 | NOTE | |||
r-release-macos-x86_64 | 0.1.1 | 172.00 | NOTE | |||
r-release-windows-x86_64 | 0.1.1 | 12.00 | 193.00 | 205.00 | NOTE | |
r-oldrel-macos-arm64 | 0.1.1 | 110.00 | NOTE | |||
r-oldrel-macos-x86_64 | 0.1.1 | 200.00 | NOTE | |||
r-oldrel-windows-x86_64 | 0.1.1 | 14.00 | 238.00 | 252.00 | NOTE |
Version: 0.1.1
Check: installed package size
Result: NOTE
installed size is 7.5Mb
sub-directories of 1Mb or more:
doc 7.2Mb
Flavors: r-release-macos-arm64, r-release-macos-x86_64, r-release-windows-x86_64, r-oldrel-macos-arm64, r-oldrel-macos-x86_64, r-oldrel-windows-x86_64