Last updated on 2025-02-21 17:50:38 CET.
Flavor | Version | Tinstall | Tcheck | Ttotal | Status | Flags |
---|---|---|---|---|---|---|
r-devel-linux-x86_64-debian-clang | 0.0.2 | 45.80 | 69.54 | 115.34 | OK | |
r-devel-linux-x86_64-debian-gcc | 0.0.2 | 32.32 | 53.00 | 85.32 | OK | |
r-devel-linux-x86_64-fedora-clang | 0.0.2 | 217.17 | OK | |||
r-devel-linux-x86_64-fedora-gcc | 0.0.2 | 199.93 | OK | |||
r-devel-macos-arm64 | 0.0.1 | 50.00 | OK | |||
r-devel-macos-x86_64 | 0.0.2 | 83.00 | OK | |||
r-devel-windows-x86_64 | 0.0.1 | 48.00 | 100.00 | 148.00 | OK | |
r-patched-linux-x86_64 | 0.0.1 | 45.94 | 65.05 | 110.99 | OK | |
r-release-linux-x86_64 | 0.0.1 | 45.94 | 65.89 | 111.83 | OK | |
r-release-macos-arm64 | 0.0.1 | 53.00 | NOTE | |||
r-release-macos-x86_64 | 0.0.2 | 124.00 | NOTE | |||
r-release-windows-x86_64 | 0.0.2 | 44.00 | 126.00 | 170.00 | OK | |
r-oldrel-macos-arm64 | 0.0.1 | 54.00 | NOTE | |||
r-oldrel-macos-x86_64 | 0.0.2 | 138.00 | NOTE | |||
r-oldrel-windows-x86_64 | 0.0.2 | 46.00 | 134.00 | 180.00 | OK |
Version: 0.0.1
Check: installed package size
Result: NOTE
installed size is 5.8Mb
sub-directories of 1Mb or more:
data 2.8Mb
libs 2.8Mb
Flavors: r-release-macos-arm64, r-oldrel-macos-arm64
Version: 0.0.2
Check: installed package size
Result: NOTE
installed size is 6.9Mb
sub-directories of 1Mb or more:
data 3.8Mb
libs 3.0Mb
Flavors: r-release-macos-x86_64, r-oldrel-macos-x86_64