Last updated on 2025-11-04 05:51:06 CET.
| Flavor | Version | Tinstall | Tcheck | Ttotal | Status | Flags | 
|---|---|---|---|---|---|---|
| r-devel-linux-x86_64-debian-clang | 0.5.1 | 7.49 | 67.52 | 75.01 | NOTE | |
| r-devel-linux-x86_64-debian-gcc | 0.5.1 | 5.90 | 50.64 | 56.54 | NOTE | |
| r-devel-linux-x86_64-fedora-clang | 0.5.1 | 47.00 | 76.75 | 123.75 | OK | |
| r-devel-linux-x86_64-fedora-gcc | 0.5.1 | 45.00 | 95.13 | 140.13 | OK | |
| r-devel-windows-x86_64 | 0.5.1 | 11.00 | 86.00 | 97.00 | OK | |
| r-patched-linux-x86_64 | 0.5.1 | 9.82 | 63.86 | 73.68 | OK | |
| r-release-linux-x86_64 | 0.5.1 | 7.89 | 63.50 | 71.39 | OK | |
| r-release-macos-arm64 | 0.5.1 | 3.00 | 74.00 | 77.00 | OK | |
| r-release-macos-x86_64 | 0.5.1 | 8.00 | 109.00 | 117.00 | OK | |
| r-release-windows-x86_64 | 0.5.1 | 10.00 | 83.00 | 93.00 | OK | |
| r-oldrel-macos-arm64 | 0.5.1 | 3.00 | 50.00 | 53.00 | OK | |
| r-oldrel-macos-x86_64 | 0.5.1 | 10.00 | 133.00 | 143.00 | OK | |
| r-oldrel-windows-x86_64 | 0.5.1 | 14.00 | 100.00 | 114.00 | OK | 
Version: 0.5.1
Check: DESCRIPTION meta-information
Result: NOTE
  Author field differs from that derived from Authors@R
    Author:    ‘Garrick Aden-Buie [aut, cre] (<https://orcid.org/0000-0002-7111-0077>), Winston Chang [aut], Barret Schloerke [aut] (<https://orcid.org/0000-0001-9986-114X>), Posit Software, PBC [cph, fnd] (03wc8by49)’
    Authors@R: ‘Garrick Aden-Buie [aut, cre] (ORCID: <https://orcid.org/0000-0002-7111-0077>), Winston Chang [aut], Barret Schloerke [aut] (ORCID: <https://orcid.org/0000-0001-9986-114X>), Posit Software, PBC [cph, fnd] (ROR: <https://ror.org/03wc8by49>)’
Flavors: r-devel-linux-x86_64-debian-clang, r-devel-linux-x86_64-debian-gcc