CRAN Package Check Results for Package chisq.posthoc.test

Last updated on 2025-07-10 00:49:35 CEST.

Flavor Version Tinstall Tcheck Ttotal Status Flags
r-devel-linux-x86_64-debian-clang 0.1.2 1.61 21.89 23.50 OK
r-devel-linux-x86_64-debian-gcc 0.1.2 1.30 18.21 19.51 OK
r-devel-linux-x86_64-fedora-clang 0.1.2 35.55 OK
r-devel-linux-x86_64-fedora-gcc 0.1.2 48.83 OK
r-devel-windows-x86_64 0.1.2 3.00 41.00 44.00 OK
r-patched-linux-x86_64 0.1.2 1.55 19.32 20.87 OK
r-release-linux-x86_64 0.1.2 1.52 19.36 20.88 OK
r-release-macos-arm64 0.1.2 22.00 OK
r-release-macos-x86_64 0.1.2 43.00 OK
r-release-windows-x86_64 0.1.2 3.00 42.00 45.00 OK
r-oldrel-macos-arm64 0.1.2 27.00 NOTE
r-oldrel-macos-x86_64 0.1.2 33.00 NOTE
r-oldrel-windows-x86_64 0.1.2 2.00 46.00 48.00 NOTE

Check Details

Version: 0.1.2
Check: LazyData
Result: NOTE 'LazyData' is specified without a 'data' directory Flavors: r-oldrel-macos-arm64, r-oldrel-macos-x86_64, r-oldrel-windows-x86_64

mirror server hosted at Truenetwork, Russian Federation.