Last updated on 2025-11-04 05:51:06 CET.
| Flavor | Version | Tinstall | Tcheck | Ttotal | Status | Flags | 
|---|---|---|---|---|---|---|
| r-devel-linux-x86_64-debian-clang | 0.76 | 35.79 | 260.04 | 295.83 | NOTE | |
| r-devel-linux-x86_64-debian-gcc | 0.76 | 22.89 | 174.40 | 197.29 | NOTE | |
| r-devel-linux-x86_64-fedora-clang | 0.76 | 75.00 | 397.78 | 472.78 | NOTE | |
| r-devel-linux-x86_64-fedora-gcc | 0.76 | 157.00 | 342.85 | 499.85 | NOTE | |
| r-devel-windows-x86_64 | 0.76 | 38.00 | 304.00 | 342.00 | NOTE | |
| r-patched-linux-x86_64 | 0.76 | 37.67 | 251.59 | 289.26 | OK | |
| r-release-linux-x86_64 | 0.76 | 33.14 | 250.60 | 283.74 | OK | |
| r-release-macos-arm64 | 0.76 | 12.00 | 96.00 | 108.00 | OK | |
| r-release-macos-x86_64 | 0.76 | 39.00 | 243.00 | 282.00 | OK | |
| r-release-windows-x86_64 | 0.76 | 36.00 | 295.00 | 331.00 | OK | |
| r-oldrel-macos-arm64 | 0.76 | 10.00 | 248.00 | 258.00 | OK | |
| r-oldrel-macos-x86_64 | 0.76 | 16.00 | 314.00 | 330.00 | OK | |
| r-oldrel-windows-x86_64 | 0.76 | 55.00 | 384.00 | 439.00 | OK | 
Version: 0.76
Check: Rd files
Result: NOTE
  checkRd: (-1) chillR-package.Rd:7: height/width attributes should be in pixels
  checkRd: (-1) plot_phenology_trends.Rd:82: height/width attributes should be in pixels
  checkRd: (-1) plot_scenarios.Rd:108: height/width attributes should be in pixels
Flavors: r-devel-linux-x86_64-debian-clang, r-devel-linux-x86_64-debian-gcc, r-devel-linux-x86_64-fedora-clang, r-devel-linux-x86_64-fedora-gcc, r-devel-windows-x86_64