Last updated on 2025-11-04 11:52:26 CET.
| Flavor | Version | Tinstall | Tcheck | Ttotal | Status | Flags | 
|---|---|---|---|---|---|---|
| r-devel-linux-x86_64-debian-clang | 1.1.0 | 3.67 | 36.14 | 39.81 | NOTE | |
| r-devel-linux-x86_64-debian-gcc | 1.1.0 | 3.55 | 27.36 | 30.91 | NOTE | |
| r-devel-linux-x86_64-fedora-clang | 1.1.0 | 56.75 | OK | |||
| r-devel-linux-x86_64-fedora-gcc | 1.1.0 | 26.00 | 35.01 | 61.01 | OK | |
| r-devel-windows-x86_64 | 1.1.0 | 6.00 | 55.00 | 61.00 | OK | |
| r-patched-linux-x86_64 | 1.1.0 | 5.56 | 32.85 | 38.41 | OK | |
| r-release-linux-x86_64 | 1.1.0 | 3.58 | 33.20 | 36.78 | OK | |
| r-release-macos-arm64 | 1.1.0 | 2.00 | 18.00 | 20.00 | OK | |
| r-release-macos-x86_64 | 1.1.0 | 5.00 | 32.00 | 37.00 | OK | |
| r-release-windows-x86_64 | 1.1.0 | 5.00 | 51.00 | 56.00 | OK | |
| r-oldrel-macos-arm64 | 1.1.0 | 2.00 | 21.00 | 23.00 | OK | |
| r-oldrel-macos-x86_64 | 1.1.0 | 4.00 | 25.00 | 29.00 | OK | |
| r-oldrel-windows-x86_64 | 1.1.0 | 8.00 | 62.00 | 70.00 | OK | 
Version: 1.1.0
Check: CRAN incoming feasibility
Result: NOTE
  Maintainer: ‘Stef van Buuren <stef.vanbuuren@tno.nl>’
  
  Package CITATION file contains call(s) to old-style citEntry().  Please
  use bibentry() instead.
Flavors: r-devel-linux-x86_64-debian-clang, r-devel-linux-x86_64-debian-gcc