CRAN Package Check Results for Package checkdown

Last updated on 2025-11-28 12:48:33 CET.

Flavor Version Tinstall Tcheck Ttotal Status Flags
r-devel-linux-x86_64-debian-clang 0.0.13 2.54 32.32 34.86 OK
r-devel-linux-x86_64-debian-gcc 0.0.13 2.07 25.86 27.93 OK
r-devel-linux-x86_64-fedora-clang 0.0.13 54.36 OK
r-devel-linux-x86_64-fedora-gcc 0.0.13 65.45 OK
r-devel-windows-x86_64 0.0.13 5.00 53.00 58.00 OK
r-patched-linux-x86_64 0.0.13 2.77 30.26 33.03 OK
r-release-linux-x86_64 0.0.13 2.53 30.51 33.04 OK
r-release-macos-arm64 0.0.13 OK
r-release-macos-x86_64 0.0.13 10.00 128.00 138.00 OK
r-release-windows-x86_64 0.0.13 4.00 62.00 66.00 OK
r-oldrel-macos-arm64 0.0.13 OK
r-oldrel-macos-x86_64 0.0.13 12.00 121.00 133.00 OK
r-oldrel-windows-x86_64 0.0.13 6.00 60.00 66.00 ERROR

Check Details

Version: 0.0.13
Check: re-building of vignette outputs
Result: ERROR Error(s) in re-building vignettes: --- re-building 'start_checkdown.Rmd' using rmarkdown Warning in get_engine(options$engine) : Unknown language engine 'markdown' (must be registered via knit_engines$set()). File windows.png not found in resource path Error: processing vignette 'start_checkdown.Rmd' failed with diagnostics: pandoc document conversion failed with error 99 --- failed re-building 'start_checkdown.Rmd' SUMMARY: processing the following file failed: 'start_checkdown.Rmd' Error: Vignette re-building failed. Execution halted Flavor: r-oldrel-windows-x86_64

mirror server hosted at Truenetwork, Russian Federation.