Last updated on 2025-05-28 00:48:57 CEST.
Flavor | Version | Tinstall | Tcheck | Ttotal | Status | Flags |
---|---|---|---|---|---|---|
r-devel-linux-x86_64-debian-clang | 1.1 | 20.24 | 28.98 | 49.22 | NOTE | |
r-devel-linux-x86_64-debian-gcc | 1.1 | 13.24 | 21.93 | 35.17 | NOTE | |
r-devel-linux-x86_64-fedora-clang | 1.1 | 85.68 | OK | |||
r-devel-linux-x86_64-fedora-gcc | 1.1 | 72.86 | OK | |||
r-devel-windows-x86_64 | 1.1 | 24.00 | 68.00 | 92.00 | OK | |
r-patched-linux-x86_64 | 1.1 | 18.08 | 27.16 | 45.24 | OK | |
r-release-linux-x86_64 | 1.1 | 19.53 | 26.78 | 46.31 | OK | |
r-release-macos-arm64 | 1.1 | 25.00 | OK | |||
r-release-macos-x86_64 | 1.1 | 43.00 | OK | |||
r-release-windows-x86_64 | 1.1 | 23.00 | 71.00 | 94.00 | OK | |
r-oldrel-macos-arm64 | 1.1 | 34.00 | OK | |||
r-oldrel-macos-x86_64 | 1.1 | 36.00 | OK | |||
r-oldrel-windows-x86_64 | 1.1 | 27.00 | 77.00 | 104.00 | OK |
Version: 1.1
Check: CRAN incoming feasibility
Result: NOTE
Maintainer: ‘Arvid Sjolander <arvid.sjolander@ki.se>’
No Authors@R field in DESCRIPTION.
Please add one, modifying
Authors@R: person(given = "Arvid",
family = "Sjolander",
role = c("aut", "cre"),
email = "arvid.sjolander@ki.se")
as necessary.
Flavors: r-devel-linux-x86_64-debian-clang, r-devel-linux-x86_64-debian-gcc