CRAN Package Check Results for Package cellranger

Last updated on 2025-11-04 11:52:26 CET.

Flavor Version Tinstall Tcheck Ttotal Status Flags
r-devel-linux-x86_64-debian-clang 1.1.0 2.29 32.10 34.39 OK
r-devel-linux-x86_64-debian-gcc 1.1.0 1.92 24.43 26.35 OK
r-devel-linux-x86_64-fedora-clang 1.1.0 50.06 OK
r-devel-linux-x86_64-fedora-gcc 1.1.0 12.00 55.47 67.47 OK
r-devel-windows-x86_64 1.1.0 5.00 52.00 57.00 OK
r-patched-linux-x86_64 1.1.0 2.66 29.10 31.76 OK
r-release-linux-x86_64 1.1.0 2.22 29.03 31.25 OK
r-release-macos-arm64 1.1.0 2.00 35.00 37.00 OK
r-release-macos-x86_64 1.1.0 2.00 51.00 53.00 OK
r-release-windows-x86_64 1.1.0 4.00 51.00 55.00 OK
r-oldrel-macos-arm64 1.1.0 1.00 24.00 25.00 NOTE
r-oldrel-macos-x86_64 1.1.0 2.00 34.00 36.00 NOTE
r-oldrel-windows-x86_64 1.1.0 5.00 58.00 63.00 NOTE

Check Details

Version: 1.1.0
Check: LazyData
Result: NOTE 'LazyData' is specified without a 'data' directory Flavors: r-oldrel-macos-arm64, r-oldrel-macos-x86_64, r-oldrel-windows-x86_64

mirror server hosted at Truenetwork, Russian Federation.