CRAN Package Check Results for Package ceRtainty

Last updated on 2025-05-27 18:49:46 CEST.

Flavor Version Tinstall Tcheck Ttotal Status Flags
r-devel-linux-x86_64-debian-clang 1.0.0 4.46 42.34 46.80 OK
r-devel-linux-x86_64-debian-gcc 1.0.0 3.33 32.19 35.52 OK
r-devel-linux-x86_64-fedora-clang 1.0.0 73.44 NOTE
r-devel-linux-x86_64-fedora-gcc 1.0.0 83.84 NOTE
r-devel-windows-x86_64 1.0.0 6.00 74.00 80.00 OK
r-patched-linux-x86_64 1.0.0 3.80 39.69 43.49 OK
r-release-linux-x86_64 1.0.0 3.83 39.54 43.37 OK
r-release-macos-arm64 1.0.0 34.00 OK
r-release-macos-x86_64 1.0.0 54.00 OK
r-release-windows-x86_64 1.0.0 7.00 76.00 83.00 OK
r-oldrel-macos-arm64 1.0.0 31.00 OK
r-oldrel-macos-x86_64 1.0.0 48.00 OK
r-oldrel-windows-x86_64 1.0.0 8.00 88.00 96.00 OK

Check Details

Version: 1.0.0
Check: dependencies in R code
Result: NOTE Namespaces in Imports field not imported from: ‘base’ ‘stats’ ‘tidyr’ All declared Imports should be used. Flavors: r-devel-linux-x86_64-fedora-clang, r-devel-linux-x86_64-fedora-gcc

mirror server hosted at Truenetwork, Russian Federation.