Last updated on 2025-11-04 11:52:26 CET.
| Flavor | Version | Tinstall | Tcheck | Ttotal | Status | Flags | 
|---|---|---|---|---|---|---|
| r-devel-linux-x86_64-debian-clang | 1.6 | 3.04 | 36.53 | 39.57 | NOTE | |
| r-devel-linux-x86_64-debian-gcc | 1.6 | 2.62 | 28.30 | 30.92 | NOTE | |
| r-devel-linux-x86_64-fedora-clang | 1.6 | 60.76 | OK | |||
| r-devel-linux-x86_64-fedora-gcc | 1.6 | 12.00 | 49.73 | 61.73 | OK | |
| r-devel-windows-x86_64 | 1.6 | 7.00 | 58.00 | 65.00 | OK | |
| r-patched-linux-x86_64 | 1.6 | 3.84 | 34.57 | 38.41 | OK | |
| r-release-linux-x86_64 | 1.6 | 3.39 | 34.69 | 38.08 | OK | |
| r-release-macos-arm64 | 1.6 | 2.00 | 23.00 | 25.00 | OK | |
| r-release-macos-x86_64 | 1.6 | 3.00 | 36.00 | 39.00 | OK | |
| r-release-windows-x86_64 | 1.6 | 6.00 | 56.00 | 62.00 | OK | |
| r-oldrel-macos-arm64 | 1.6 | 2.00 | 20.00 | 22.00 | OK | |
| r-oldrel-macos-x86_64 | 1.6 | 3.00 | 31.00 | 34.00 | OK | |
| r-oldrel-windows-x86_64 | 1.6 | 7.00 | 68.00 | 75.00 | OK | 
Version: 1.6
Check: CRAN incoming feasibility
Result: NOTE
  Maintainer: ‘David J. Marchette <dmarchette@gmail.com>’
  
  No Authors@R field in DESCRIPTION.
  Please add one, modifying
    Authors@R: person(given = c("David", "J."),
                      family = "Marchette",
                      role = c("aut", "cre"),
                      email = "dmarchette@gmail.com")
  as necessary.
Flavors: r-devel-linux-x86_64-debian-clang, r-devel-linux-x86_64-debian-gcc