Last updated on 2025-11-04 05:51:06 CET.
| Flavor | Version | Tinstall | Tcheck | Ttotal | Status | Flags | 
|---|---|---|---|---|---|---|
| r-devel-linux-x86_64-debian-clang | 1.6 | 11.77 | 23.92 | 35.69 | NOTE | |
| r-devel-linux-x86_64-debian-gcc | 1.6 | 8.44 | 19.31 | 27.75 | NOTE | |
| r-devel-linux-x86_64-fedora-clang | 1.6 | 20.00 | 36.84 | 56.84 | OK | |
| r-devel-linux-x86_64-fedora-gcc | 1.6 | 48.00 | 11.04 | 59.04 | OK | |
| r-devel-windows-x86_64 | 1.6 | 14.00 | 55.00 | 69.00 | OK | |
| r-patched-linux-x86_64 | 1.6 | 11.71 | 23.00 | 34.71 | OK | |
| r-release-linux-x86_64 | 1.6 | 11.71 | 22.80 | 34.51 | OK | |
| r-release-macos-arm64 | 1.6 | 6.00 | 17.00 | 23.00 | OK | |
| r-release-macos-x86_64 | 1.6 | 9.00 | 29.00 | 38.00 | OK | |
| r-release-windows-x86_64 | 1.6 | 15.00 | 53.00 | 68.00 | OK | |
| r-oldrel-macos-arm64 | 1.6 | 5.00 | 21.00 | 26.00 | OK | |
| r-oldrel-macos-x86_64 | 1.6 | 9.00 | 24.00 | 33.00 | OK | |
| r-oldrel-windows-x86_64 | 1.6 | 16.00 | 74.00 | 90.00 | OK | 
Version: 1.6
Check: CRAN incoming feasibility
Result: NOTE
  Maintainer: ‘Dan Dalthorp <ddalthorp@protonmail.com>’
  
  No Authors@R field in DESCRIPTION.
  Please add one, modifying
    Authors@R: person(given = "Dan",
                      family = "Dalthorp",
                      role = c("aut", "cre"),
                      email = "ddalthorp@protonmail.com")
  as necessary.
  
  The Description field contains
    (2013) <arXiv:1303.5990>.
  Please refer to arXiv e-prints via their arXiv DOI <doi:10.48550/arXiv.YYMM.NNNNN>.
Flavors: r-devel-linux-x86_64-debian-clang, r-devel-linux-x86_64-debian-gcc