Last updated on 2025-02-22 11:51:21 CET.
Flavor | Version | Tinstall | Tcheck | Ttotal | Status | Flags |
---|---|---|---|---|---|---|
r-devel-linux-x86_64-debian-clang | 0.1.0 | 13.83 | 109.51 | 123.34 | OK | |
r-devel-linux-x86_64-debian-gcc | 0.1.0 | 9.80 | 76.07 | 85.87 | OK | |
r-devel-linux-x86_64-fedora-clang | 0.1.0 | 201.25 | NOTE | |||
r-devel-linux-x86_64-fedora-gcc | 0.1.0 | 200.94 | NOTE | |||
r-devel-macos-arm64 | 0.1.0 | 66.00 | OK | |||
r-devel-macos-x86_64 | 0.1.0 | 117.00 | OK | |||
r-devel-windows-x86_64 | 0.1.0 | 15.00 | 108.00 | 123.00 | OK | |
r-patched-linux-x86_64 | 0.1.0 | 11.16 | 103.51 | 114.67 | OK | |
r-release-linux-x86_64 | 0.1.0 | 12.85 | 101.77 | 114.62 | OK | |
r-release-macos-arm64 | 0.1.0 | 59.00 | OK | |||
r-release-macos-x86_64 | 0.1.0 | 82.00 | OK | |||
r-release-windows-x86_64 | 0.1.0 | 14.00 | 108.00 | 122.00 | OK | |
r-oldrel-macos-arm64 | 0.1.0 | 63.00 | OK | |||
r-oldrel-macos-x86_64 | 0.1.0 | 88.00 | OK | |||
r-oldrel-windows-x86_64 | 0.1.0 | 19.00 | 139.00 | 158.00 | OK |
Version: 0.1.0
Check: dependencies in R code
Result: NOTE
Namespaces in Imports field not imported from:
‘CBPS’ ‘spelling’
All declared Imports should be used.
Flavors: r-devel-linux-x86_64-fedora-clang, r-devel-linux-x86_64-fedora-gcc