Last updated on 2025-11-04 11:52:26 CET.
| Flavor | Version | Tinstall | Tcheck | Ttotal | Status | Flags | 
|---|---|---|---|---|---|---|
| r-devel-linux-x86_64-debian-clang | 1.6.0 | 120.69 | 129.27 | 249.96 | OK | |
| r-devel-linux-x86_64-debian-gcc | 1.6.0 | 77.40 | 86.96 | 164.36 | OK | |
| r-devel-linux-x86_64-fedora-clang | 1.6.0 | 515.00 | -17.37 | 497.63 | OK | |
| r-devel-linux-x86_64-fedora-gcc | 1.6.0 | 255.00 | 156.40 | 411.40 | OK | |
| r-devel-windows-x86_64 | 1.6.0 | 171.00 | 160.00 | 331.00 | OK | |
| r-patched-linux-x86_64 | 1.6.0 | 115.56 | 119.52 | 235.08 | OK | |
| r-release-linux-x86_64 | 1.6.0 | 111.95 | 120.69 | 232.64 | OK | |
| r-release-macos-arm64 | 1.6.0 | 47.00 | 55.00 | 102.00 | OK | |
| r-release-macos-x86_64 | 1.6.0 | 47.00 | 113.00 | 160.00 | OK | |
| r-release-windows-x86_64 | 1.6.0 | 164.00 | 159.00 | 323.00 | OK | |
| r-oldrel-macos-arm64 | 1.6.0 | 50.00 | 60.00 | 110.00 | NOTE | |
| r-oldrel-macos-x86_64 | 1.6.0 | 46.00 | 111.00 | 157.00 | NOTE | |
| r-oldrel-windows-x86_64 | 1.6.0 | 189.00 | 201.00 | 390.00 | NOTE | 
Version: 1.6.0
Check: installed package size
Result: NOTE
    installed size is  7.0Mb
    sub-directories of 1Mb or more:
      libs   6.1Mb
Flavors: r-oldrel-macos-arm64, r-oldrel-macos-x86_64
Version: 1.6.0
Check: for GNU extensions in Makefiles
Result: NOTE
  GNU make is a SystemRequirements.
Flavors: r-oldrel-macos-arm64, r-oldrel-macos-x86_64, r-oldrel-windows-x86_64