Last updated on 2025-07-16 07:49:01 CEST.
Flavor | Version | Tinstall | Tcheck | Ttotal | Status | Flags |
---|---|---|---|---|---|---|
r-devel-linux-x86_64-debian-clang | 3.1.4 | 14.52 | 146.51 | 161.03 | NOTE | |
r-devel-linux-x86_64-debian-gcc | 3.1.4 | 10.72 | 103.71 | 114.43 | NOTE | |
r-devel-linux-x86_64-fedora-clang | 3.1.4 | 255.49 | OK | |||
r-devel-linux-x86_64-fedora-gcc | 3.1.4 | 255.16 | OK | |||
r-devel-windows-x86_64 | 3.1.4 | 20.00 | 185.00 | 205.00 | NOTE | |
r-patched-linux-x86_64 | 3.1.4 | 16.06 | 140.06 | 156.12 | NOTE | |
r-release-linux-x86_64 | 3.1.4 | 15.07 | 139.48 | 154.55 | NOTE | |
r-release-macos-arm64 | 3.1.4 | 112.00 | OK | |||
r-release-macos-x86_64 | 3.1.4 | 162.00 | OK | |||
r-release-windows-x86_64 | 3.1.4 | 22.00 | 190.00 | 212.00 | NOTE | |
r-oldrel-macos-arm64 | 3.1.4 | 71.00 | OK | |||
r-oldrel-macos-x86_64 | 3.1.4 | 112.00 | OK | |||
r-oldrel-windows-x86_64 | 3.1.4 | 25.00 | 233.00 | 258.00 | OK |
Version: 3.1.4
Check: Rd cross-references
Result: NOTE
Found the following Rd file(s) with Rd \link{} targets missing package
anchors:
dotDensityLayer.Rd: st_sample
Please provide package anchors for all Rd \link{} targets not in the
package itself and the base packages.
Flavors: r-devel-linux-x86_64-debian-clang, r-devel-linux-x86_64-debian-gcc, r-devel-windows-x86_64, r-patched-linux-x86_64, r-release-linux-x86_64, r-release-windows-x86_64