Last updated on 2025-02-22 05:51:31 CET.
Flavor | Version | Tinstall | Tcheck | Ttotal | Status | Flags |
---|---|---|---|---|---|---|
r-devel-linux-x86_64-debian-clang | 0.2.2 | 9.76 | 82.41 | 92.17 | NOTE | |
r-devel-linux-x86_64-debian-gcc | 0.2.2 | 9.62 | 55.33 | 64.95 | NOTE | |
r-devel-linux-x86_64-fedora-clang | 0.2.2 | 149.23 | NOTE | |||
r-devel-linux-x86_64-fedora-gcc | 0.2.2 | 160.63 | NOTE | |||
r-devel-macos-arm64 | 0.2.2 | 68.00 | NOTE | |||
r-devel-macos-x86_64 | 0.2.2 | 118.00 | NOTE | |||
r-devel-windows-x86_64 | 0.2.2 | 14.00 | 127.00 | 141.00 | NOTE | |
r-patched-linux-x86_64 | 0.2.2 | 11.36 | 78.38 | 89.74 | OK | |
r-release-linux-x86_64 | 0.2.2 | 11.11 | 77.72 | 88.83 | OK | |
r-release-macos-arm64 | 0.2.2 | 79.00 | OK | |||
r-release-macos-x86_64 | 0.2.2 | 161.00 | OK | |||
r-release-windows-x86_64 | 0.2.2 | 14.00 | 94.00 | 108.00 | ERROR | |
r-oldrel-macos-arm64 | 0.2.2 | 77.00 | OK | |||
r-oldrel-macos-x86_64 | 0.2.2 | 111.00 | OK | |||
r-oldrel-windows-x86_64 | 0.2.2 | 16.00 | 171.00 | 187.00 | OK |
Version: 0.2.2
Check: DESCRIPTION meta-information
Result: NOTE
Missing dependency on R >= 4.2.0 because package code uses the pipe
placeholder syntax added in R 4.2.0.
File(s) using such syntax:
‘cartographr.R’
Flavors: r-devel-linux-x86_64-debian-clang, r-devel-linux-x86_64-debian-gcc, r-devel-linux-x86_64-fedora-clang, r-devel-linux-x86_64-fedora-gcc, r-devel-windows-x86_64
Version: 0.2.2
Check: DESCRIPTION meta-information
Result: NOTE
Missing dependency on R >= 4.1.0 because package code uses the pipe
|> or function shorthand \(...) syntax added in R 4.1.0.
File(s) using such syntax:
‘cartographr.R’ ‘utils.R’
Flavors: r-devel-macos-arm64, r-devel-macos-x86_64
Version: 0.2.2
Check: tests
Result: ERROR
Running 'testthat.R' [29s]
Running the tests in 'tests/testthat.R' failed.
Complete output:
> # This file is part of the standard setup for testthat.
> # It is recommended that you do not modify it.
> #
> # Where should you do additional test configuration?
> # Learn more about the roles of various files in:
> # * https://r-pkgs.org/testing-design.html#sec-tests-files-overview
> # * https://testthat.r-lib.org/articles/special-files.html
>
> library(testthat)
> library(cartographr)
cartographr ready.
>
> test_check("cartographr")
[ FAIL 2 | WARN 0 | SKIP 0 | PASS 101 ]
══ Failed tests ════════════════════════════════════════════════════════════════
── Error ('test-cartographr.R:103:3'): get_osmdata calculates x_distance and y_distance correctly ──
<httr2_failure/httr2_error/rlang_error/error/condition>
Error in `httr2::req_perform(req)`: Failed to perform HTTP request.
Caused by error in `curl::curl_fetch_memory()`:
! SSL connect error [overpass.kumi.systems]: schannel: failed to receive handshake, SSL/TLS connection failed
Backtrace:
▆
1. └─cartographr::get_osmdata(...) at test-cartographr.R:103:3
2. └─osmdata::osmdata_sf(query, quiet = TRUE)
3. └─osmdata:::fill_overpass_data(obj, doc, quiet = quiet)
4. └─osmdata:::overpass_query(...)
5. └─osmdata::overpass_status(quiet)
6. └─httr2::req_perform(req)
7. └─base::tryCatch(...)
8. └─base (local) tryCatchList(expr, classes, parentenv, handlers)
9. └─base (local) tryCatchOne(expr, names, parentenv, handlers[[1L]])
10. └─value[[3L]](cond)
── Error ('test-cartographr.R:109:3'): get_osmdata retrieves data without errors ──
<httr2_http_500/httr2_http/httr2_error/rlang_error/error/condition>
Error in `httr2::req_perform(req)`: HTTP 500 Internal Server Error.
Backtrace:
▆
1. └─cartographr::get_osmdata(...) at test-cartographr.R:109:3
2. └─osmdata::osmdata_sf(query, quiet = TRUE)
3. └─osmdata:::fill_overpass_data(obj, doc, quiet = quiet)
4. └─osmdata:::overpass_query(...)
5. └─osmdata::overpass_status(quiet)
6. └─httr2::req_perform(req)
7. └─httr2:::handle_resp(req, resp, error_call = error_call)
8. └─httr2:::resp_abort(resp, req, body, call = error_call)
9. └─rlang::abort(...)
[ FAIL 2 | WARN 0 | SKIP 0 | PASS 101 ]
Error: Test failures
Execution halted
Flavor: r-release-windows-x86_64