Last updated on 2025-11-04 05:51:06 CET.
| Flavor | Version | Tinstall | Tcheck | Ttotal | Status | Flags | 
|---|---|---|---|---|---|---|
| r-devel-linux-x86_64-debian-clang | 0.2.4 | 10.91 | 113.70 | 124.61 | OK | |
| r-devel-linux-x86_64-debian-gcc | 0.2.4 | 9.50 | 74.80 | 84.30 | OK | |
| r-devel-linux-x86_64-fedora-clang | 0.2.4 | 22.00 | 173.59 | 195.59 | OK | |
| r-devel-linux-x86_64-fedora-gcc | 0.2.4 | 47.00 | 172.39 | 219.39 | OK | |
| r-devel-windows-x86_64 | 0.2.4 | 14.00 | 119.00 | 133.00 | OK | |
| r-patched-linux-x86_64 | 0.2.4 | 11.10 | 106.68 | 117.78 | OK | |
| r-release-linux-x86_64 | 0.2.4 | 10.82 | 106.72 | 117.54 | OK | |
| r-release-macos-arm64 | 0.2.4 | 8.00 | 73.00 | 81.00 | OK | |
| r-release-macos-x86_64 | 0.2.4 | 21.00 | 196.00 | 217.00 | OK | |
| r-release-windows-x86_64 | 0.2.4 | 14.00 | 114.00 | 128.00 | OK | |
| r-oldrel-macos-arm64 | 0.2.4 | 7.00 | 71.00 | 78.00 | OK | |
| r-oldrel-macos-x86_64 | 0.2.4 | 12.00 | ERROR | |||
| r-oldrel-windows-x86_64 | 0.2.4 | 17.00 | 153.00 | 170.00 | OK | 
Version: 0.2.4
Check: package dependencies
Result: ERROR
  Package required but not available: ‘osmdata’
  
  See section ‘The DESCRIPTION file’ in the ‘Writing R Extensions’
  manual.
Flavor: r-oldrel-macos-x86_64