Last updated on 2025-11-03 23:50:12 CET.
| Flavor | Version | Tinstall | Tcheck | Ttotal | Status | Flags | 
|---|---|---|---|---|---|---|
| r-devel-linux-x86_64-debian-clang | 0.2.1 | 3.09 | 40.07 | 43.16 | NOTE | |
| r-devel-linux-x86_64-debian-gcc | 0.2.1 | 2.40 | 32.04 | 34.44 | NOTE | |
| r-devel-linux-x86_64-fedora-clang | 0.2.1 | 66.42 | NOTE | |||
| r-devel-linux-x86_64-fedora-gcc | 0.2.1 | 12.00 | 72.41 | 84.41 | NOTE | |
| r-devel-windows-x86_64 | 0.2.1 | 9.00 | 60.00 | 69.00 | NOTE | |
| r-patched-linux-x86_64 | 0.2.1 | 2.96 | 37.68 | 40.64 | NOTE | |
| r-release-linux-x86_64 | 0.2.1 | 3.10 | 37.24 | 40.34 | NOTE | |
| r-release-macos-arm64 | 0.2.1 | 4.00 | 42.00 | 46.00 | NOTE | |
| r-release-macos-x86_64 | 0.2.1 | 4.00 | 55.00 | 59.00 | NOTE | |
| r-release-windows-x86_64 | 0.2.1 | 8.00 | 58.00 | 66.00 | NOTE | |
| r-oldrel-macos-arm64 | 0.2.1 | 3.00 | 29.00 | 32.00 | NOTE | |
| r-oldrel-macos-x86_64 | 0.2.1 | 4.00 | 43.00 | 47.00 | NOTE | |
| r-oldrel-windows-x86_64 | 0.2.1 | 8.00 | 70.00 | 78.00 | NOTE | 
Version: 0.2.1
Check: compiled code
Result: NOTE
  File ‘cartographer/libs/cartographer.so’:
    Found non-API call to R: ‘PRVALUE’
  
  Compiled code should not call non-API entry points in R.
  
  See ‘Writing portable packages’ in the ‘Writing R Extensions’ manual,
  and section ‘Moving into C API compliance’ for issues with the use of
  non-API entry points.
Flavors: r-devel-linux-x86_64-debian-clang, r-devel-linux-x86_64-debian-gcc, r-devel-linux-x86_64-fedora-clang, r-devel-linux-x86_64-fedora-gcc, r-patched-linux-x86_64, r-release-linux-x86_64, r-release-macos-arm64, r-release-macos-x86_64
Version: 0.2.1
Check: compiled code
Result: NOTE
  File 'cartographer/libs/x64/cartographer.dll':
    Found non-API call to R: 'PRVALUE'
  
  Compiled code should not call non-API entry points in R.
  
  See 'Writing portable packages' in the 'Writing R Extensions' manual,
  and section 'Moving into C API compliance' for issues with the use of
  non-API entry points.
Flavors: r-devel-windows-x86_64, r-release-windows-x86_64
Version: 0.2.1
Check: package dependencies
Result: NOTE
  Package suggested but not available for checking: ‘rnaturalearthhires’
Flavors: r-oldrel-macos-arm64, r-oldrel-macos-x86_64, r-oldrel-windows-x86_64