Last updated on 2025-11-04 05:51:06 CET.
| Flavor | Version | Tinstall | Tcheck | Ttotal | Status | Flags | 
|---|---|---|---|---|---|---|
| r-devel-linux-x86_64-debian-clang | 2.1.1 | 11.32 | 143.31 | 154.63 | NOTE | |
| r-devel-linux-x86_64-debian-gcc | 2.1.1 | 7.71 | 117.35 | 125.06 | NOTE | |
| r-devel-linux-x86_64-fedora-clang | 2.1.1 | 25.00 | 282.29 | 307.29 | NOTE | |
| r-devel-linux-x86_64-fedora-gcc | 2.1.1 | 40.00 | 270.49 | 310.49 | NOTE | |
| r-devel-windows-x86_64 | 2.1.1 | 16.00 | 247.00 | 263.00 | NOTE | |
| r-patched-linux-x86_64 | 2.1.1 | 13.21 | 136.70 | 149.91 | NOTE | |
| r-release-linux-x86_64 | 2.1.1 | 10.67 | 135.69 | 146.36 | NOTE | |
| r-release-macos-arm64 | 2.1.1 | 6.00 | 89.00 | 95.00 | NOTE | |
| r-release-macos-x86_64 | 2.1.1 | 13.00 | 158.00 | 171.00 | OK | |
| r-release-windows-x86_64 | 2.1.1 | 15.00 | 235.00 | 250.00 | NOTE | |
| r-oldrel-macos-arm64 | 2.1.1 | 5.00 | 80.00 | 85.00 | OK | |
| r-oldrel-macos-x86_64 | 2.1.1 | 8.00 | 113.00 | 121.00 | OK | |
| r-oldrel-windows-x86_64 | 2.1.1 | 20.00 | 300.00 | 320.00 | OK | 
Version: 2.1.1
Check: DESCRIPTION meta-information
Result: NOTE
    Missing dependency on R >= 4.1.0 because package code uses the pipe
    |> or function shorthand \(...) syntax added in R 4.1.0.
    File(s) using such syntax:
      ‘do_la.Rd’ ‘linalg.Rd’ ‘scale_matrix.Rd’ ‘solve.caracas_symbol.Rd’
      ‘solve_lin.Rd’
Flavors: r-devel-linux-x86_64-debian-clang, r-devel-linux-x86_64-debian-gcc, r-devel-linux-x86_64-fedora-clang, r-devel-linux-x86_64-fedora-gcc, r-devel-windows-x86_64, r-patched-linux-x86_64, r-release-linux-x86_64, r-release-macos-arm64, r-release-windows-x86_64