Last updated on 2025-04-15 00:50:07 CEST.
Flavor | Version | Tinstall | Tcheck | Ttotal | Status | Flags |
---|---|---|---|---|---|---|
r-devel-linux-x86_64-debian-clang | 0.1.0 | 5.96 | 73.21 | 79.17 | NOTE | |
r-devel-linux-x86_64-debian-gcc | 0.1.0 | 3.62 | 53.30 | 56.92 | NOTE | |
r-devel-linux-x86_64-fedora-clang | 0.1.0 | 124.76 | NOTE | |||
r-devel-linux-x86_64-fedora-gcc | 0.1.0 | 149.07 | NOTE | |||
r-devel-windows-x86_64 | 0.1.0 | 7.00 | 92.00 | 99.00 | NOTE | |
r-patched-linux-x86_64 | 0.1.0 | 5.16 | 70.99 | 76.15 | NOTE | |
r-release-linux-x86_64 | 0.1.0 | 5.46 | 70.97 | 76.43 | NOTE | |
r-release-macos-arm64 | 0.1.0 | 51.00 | NOTE | |||
r-release-macos-x86_64 | 0.1.0 | 88.00 | NOTE | |||
r-release-windows-x86_64 | 0.1.0 | 8.00 | 91.00 | 99.00 | NOTE | |
r-oldrel-macos-arm64 | 0.1.0 | 48.00 | NOTE | |||
r-oldrel-macos-x86_64 | 0.1.0 | 75.00 | NOTE | |||
r-oldrel-windows-x86_64 | 0.1.0 | 9.00 | 120.00 | 129.00 | NOTE |
Version: 0.1.0
Check: Rd files
Result: NOTE
checkRd: (-1) Recording.Rd:112: Lost braces; missing escapes or markup?
112 | Stop recording images with {camcorder}.
| ^
Flavors: r-devel-linux-x86_64-debian-clang, r-devel-linux-x86_64-debian-gcc, r-devel-linux-x86_64-fedora-clang, r-devel-linux-x86_64-fedora-gcc, r-devel-windows-x86_64, r-patched-linux-x86_64, r-release-linux-x86_64, r-release-macos-arm64, r-release-macos-x86_64, r-release-windows-x86_64, r-oldrel-macos-arm64, r-oldrel-macos-x86_64, r-oldrel-windows-x86_64