Last updated on 2025-11-04 11:52:26 CET.
| Flavor | Version | Tinstall | Tcheck | Ttotal | Status | Flags | 
|---|---|---|---|---|---|---|
| r-devel-linux-x86_64-debian-clang | 0.13.0 | 5.63 | 59.33 | 64.96 | NOTE | |
| r-devel-linux-x86_64-debian-gcc | 0.13.0 | 3.83 | 42.33 | 46.16 | NOTE | |
| r-devel-linux-x86_64-fedora-clang | 0.13.0 | 27.00 | 78.22 | 105.22 | OK | |
| r-devel-linux-x86_64-fedora-gcc | 0.13.0 | 11.00 | 84.95 | 95.95 | OK | |
| r-devel-windows-x86_64 | 0.13.0 | 10.00 | 74.00 | 84.00 | OK | |
| r-patched-linux-x86_64 | 0.13.0 | 5.53 | 55.23 | 60.76 | OK | |
| r-release-linux-x86_64 | 0.13.0 | 4.62 | 56.22 | 60.84 | OK | |
| r-release-macos-arm64 | 0.13.0 | 3.00 | 30.00 | 33.00 | OK | |
| r-release-macos-x86_64 | 0.13.0 | 5.00 | 57.00 | 62.00 | OK | |
| r-release-windows-x86_64 | 0.13.0 | 8.00 | 71.00 | 79.00 | OK | |
| r-oldrel-macos-arm64 | 0.13.0 | 2.00 | 27.00 | 29.00 | OK | |
| r-oldrel-macos-x86_64 | 0.13.0 | 4.00 | 49.00 | 53.00 | OK | |
| r-oldrel-windows-x86_64 | 0.13.0 | 10.00 | 91.00 | 101.00 | OK | 
Version: 0.13.0
Check: CRAN incoming feasibility
Result: NOTE
  Maintainer: ‘Henrik Bengtsson <henrikb@braju.com>’
  
  Package CITATION file contains call(s) to old-style citEntry().  Please
  use bibentry() instead.
Flavors: r-devel-linux-x86_64-debian-clang, r-devel-linux-x86_64-debian-gcc